{"id":691,"date":"2021-02-03T19:24:29","date_gmt":"2021-02-03T19:24:29","guid":{"rendered":"http:\/\/anders.no\/wp3\/?page_id=691"},"modified":"2021-02-03T19:30:14","modified_gmt":"2021-02-03T19:30:14","slug":"50-arsjubileum","status":"publish","type":"page","link":"https:\/\/anders.no\/wp3\/osteroya\/osteroy-vellag\/50-arsjubileum\/","title":{"rendered":"50-\u00e5rsjubileum 2014"},"content":{"rendered":"\n<div class=\"wp-block-columns are-vertically-aligned-bottom is-layout-flex wp-container-core-columns-is-layout-9d6595d7 wp-block-columns-is-layout-flex\">\n<div class=\"wp-block-column is-vertically-aligned-bottom is-layout-flow wp-block-column-is-layout-flow\" style=\"flex-basis:100%\">\n<div class=\"wp-block-group\"><div class=\"wp-block-group__inner-container is-layout-flow wp-block-group-is-layout-flow\">\n<figure class=\"wp-block-gallery columns-2 is-cropped wp-block-gallery-1 is-layout-flex wp-block-gallery-is-layout-flex\"><ul class=\"blocks-gallery-grid\"><li class=\"blocks-gallery-item\"><figure><img loading=\"lazy\" decoding=\"async\" width=\"1024\" height=\"683\" src=\"http:\/\/anders.no\/wp3\/wp-content\/uploads\/2021\/02\/image019-OsteroyVel-50-arsfest-1024x683.jpg\" alt=\"\" data-id=\"683\" data-full-url=\"http:\/\/anders.no\/wp3\/wp-content\/uploads\/2021\/02\/image019-OsteroyVel-50-arsfest-scaled.jpg\" data-link=\"http:\/\/anders.no\/wp3\/image019-osteroyvel-50-arsfest\/\" class=\"wp-image-683\" srcset=\"https:\/\/anders.no\/wp3\/wp-content\/uploads\/2021\/02\/image019-OsteroyVel-50-arsfest-1024x683.jpg 1024w, https:\/\/anders.no\/wp3\/wp-content\/uploads\/2021\/02\/image019-OsteroyVel-50-arsfest-300x200.jpg 300w, https:\/\/anders.no\/wp3\/wp-content\/uploads\/2021\/02\/image019-OsteroyVel-50-arsfest-768x512.jpg 768w, https:\/\/anders.no\/wp3\/wp-content\/uploads\/2021\/02\/image019-OsteroyVel-50-arsfest-1536x1024.jpg 1536w, https:\/\/anders.no\/wp3\/wp-content\/uploads\/2021\/02\/image019-OsteroyVel-50-arsfest-2048x1365.jpg 2048w\" sizes=\"auto, (max-width: 1024px) 100vw, 1024px\" \/><figcaption class=\"blocks-gallery-item__caption\">Eigil H\u00f8st og Per Damsg\u00e5rd<\/figcaption><\/figure><\/li><li class=\"blocks-gallery-item\"><figure><img loading=\"lazy\" decoding=\"async\" width=\"1024\" height=\"683\" src=\"http:\/\/anders.no\/wp3\/wp-content\/uploads\/2021\/02\/image018-OsteroyVel-50-arsfest-1024x683.jpg\" alt=\"\" data-id=\"682\" data-full-url=\"http:\/\/anders.no\/wp3\/wp-content\/uploads\/2021\/02\/image018-OsteroyVel-50-arsfest-scaled.jpg\" data-link=\"http:\/\/anders.no\/wp3\/image018-osteroyvel-50-arsfest\/\" class=\"wp-image-682\" srcset=\"https:\/\/anders.no\/wp3\/wp-content\/uploads\/2021\/02\/image018-OsteroyVel-50-arsfest-1024x683.jpg 1024w, https:\/\/anders.no\/wp3\/wp-content\/uploads\/2021\/02\/image018-OsteroyVel-50-arsfest-300x200.jpg 300w, https:\/\/anders.no\/wp3\/wp-content\/uploads\/2021\/02\/image018-OsteroyVel-50-arsfest-768x512.jpg 768w, https:\/\/anders.no\/wp3\/wp-content\/uploads\/2021\/02\/image018-OsteroyVel-50-arsfest-1536x1024.jpg 1536w, https:\/\/anders.no\/wp3\/wp-content\/uploads\/2021\/02\/image018-OsteroyVel-50-arsfest-2048x1365.jpg 2048w\" sizes=\"auto, (max-width: 1024px) 100vw, 1024px\" \/><figcaption class=\"blocks-gallery-item__caption\">Jarl Joelsson<\/figcaption><\/figure><\/li><li class=\"blocks-gallery-item\"><figure><img loading=\"lazy\" decoding=\"async\" width=\"1024\" height=\"683\" src=\"http:\/\/anders.no\/wp3\/wp-content\/uploads\/2021\/02\/image017-OsteroyVel-50-arsfest-1024x683.jpg\" alt=\"\" data-id=\"681\" data-full-url=\"http:\/\/anders.no\/wp3\/wp-content\/uploads\/2021\/02\/image017-OsteroyVel-50-arsfest-scaled.jpg\" data-link=\"http:\/\/anders.no\/wp3\/image017-osteroyvel-50-arsfest\/\" class=\"wp-image-681\" srcset=\"https:\/\/anders.no\/wp3\/wp-content\/uploads\/2021\/02\/image017-OsteroyVel-50-arsfest-1024x683.jpg 1024w, https:\/\/anders.no\/wp3\/wp-content\/uploads\/2021\/02\/image017-OsteroyVel-50-arsfest-300x200.jpg 300w, https:\/\/anders.no\/wp3\/wp-content\/uploads\/2021\/02\/image017-OsteroyVel-50-arsfest-768x512.jpg 768w, https:\/\/anders.no\/wp3\/wp-content\/uploads\/2021\/02\/image017-OsteroyVel-50-arsfest-1536x1024.jpg 1536w, https:\/\/anders.no\/wp3\/wp-content\/uploads\/2021\/02\/image017-OsteroyVel-50-arsfest-2048x1365.jpg 2048w\" sizes=\"auto, (max-width: 1024px) 100vw, 1024px\" \/><figcaption class=\"blocks-gallery-item__caption\">Einar N\u00e6ss, Ellen \u00d8ster\u00f8y<\/figcaption><\/figure><\/li><li class=\"blocks-gallery-item\"><figure><img loading=\"lazy\" decoding=\"async\" width=\"683\" height=\"1024\" src=\"http:\/\/anders.no\/wp3\/wp-content\/uploads\/2021\/02\/image007-OsteroyVel-50-arsfest-683x1024.jpg\" alt=\"\" data-id=\"671\" data-full-url=\"http:\/\/anders.no\/wp3\/wp-content\/uploads\/2021\/02\/image007-OsteroyVel-50-arsfest-scaled.jpg\" data-link=\"http:\/\/anders.no\/wp3\/image007-osteroyvel-50-arsfest\/\" class=\"wp-image-671\" srcset=\"https:\/\/anders.no\/wp3\/wp-content\/uploads\/2021\/02\/image007-OsteroyVel-50-arsfest-683x1024.jpg 683w, https:\/\/anders.no\/wp3\/wp-content\/uploads\/2021\/02\/image007-OsteroyVel-50-arsfest-200x300.jpg 200w, https:\/\/anders.no\/wp3\/wp-content\/uploads\/2021\/02\/image007-OsteroyVel-50-arsfest-768x1152.jpg 768w, https:\/\/anders.no\/wp3\/wp-content\/uploads\/2021\/02\/image007-OsteroyVel-50-arsfest-1024x1536.jpg 1024w, https:\/\/anders.no\/wp3\/wp-content\/uploads\/2021\/02\/image007-OsteroyVel-50-arsfest-1365x2048.jpg 1365w, https:\/\/anders.no\/wp3\/wp-content\/uploads\/2021\/02\/image007-OsteroyVel-50-arsfest-scaled.jpg 1707w\" sizes=\"auto, (max-width: 683px) 100vw, 683px\" \/><figcaption class=\"blocks-gallery-item__caption\">Solveig Danielsen, \u00c5se Fon<\/figcaption><\/figure><\/li><li class=\"blocks-gallery-item\"><figure><img loading=\"lazy\" decoding=\"async\" width=\"683\" height=\"1024\" src=\"http:\/\/anders.no\/wp3\/wp-content\/uploads\/2021\/02\/image008-OsteroyVel-50-arsfest-683x1024.jpg\" alt=\"\" data-id=\"672\" data-full-url=\"http:\/\/anders.no\/wp3\/wp-content\/uploads\/2021\/02\/image008-OsteroyVel-50-arsfest-scaled.jpg\" data-link=\"http:\/\/anders.no\/wp3\/image008-osteroyvel-50-arsfest\/\" class=\"wp-image-672\" srcset=\"https:\/\/anders.no\/wp3\/wp-content\/uploads\/2021\/02\/image008-OsteroyVel-50-arsfest-683x1024.jpg 683w, https:\/\/anders.no\/wp3\/wp-content\/uploads\/2021\/02\/image008-OsteroyVel-50-arsfest-200x300.jpg 200w, https:\/\/anders.no\/wp3\/wp-content\/uploads\/2021\/02\/image008-OsteroyVel-50-arsfest-768x1152.jpg 768w, https:\/\/anders.no\/wp3\/wp-content\/uploads\/2021\/02\/image008-OsteroyVel-50-arsfest-1024x1536.jpg 1024w, https:\/\/anders.no\/wp3\/wp-content\/uploads\/2021\/02\/image008-OsteroyVel-50-arsfest-1365x2048.jpg 1365w, https:\/\/anders.no\/wp3\/wp-content\/uploads\/2021\/02\/image008-OsteroyVel-50-arsfest-scaled.jpg 1707w\" sizes=\"auto, (max-width: 683px) 100vw, 683px\" \/><figcaption class=\"blocks-gallery-item__caption\">Eivind Gogstad-Andersen<\/figcaption><\/figure><\/li><li class=\"blocks-gallery-item\"><figure><img loading=\"lazy\" decoding=\"async\" width=\"683\" height=\"1024\" src=\"http:\/\/anders.no\/wp3\/wp-content\/uploads\/2021\/02\/image009-OsteroyVel-50-arsfest-683x1024.jpg\" alt=\"\" data-id=\"673\" data-full-url=\"http:\/\/anders.no\/wp3\/wp-content\/uploads\/2021\/02\/image009-OsteroyVel-50-arsfest-scaled.jpg\" data-link=\"http:\/\/anders.no\/wp3\/image009-osteroyvel-50-arsfest\/\" class=\"wp-image-673\" srcset=\"https:\/\/anders.no\/wp3\/wp-content\/uploads\/2021\/02\/image009-OsteroyVel-50-arsfest-683x1024.jpg 683w, https:\/\/anders.no\/wp3\/wp-content\/uploads\/2021\/02\/image009-OsteroyVel-50-arsfest-200x300.jpg 200w, https:\/\/anders.no\/wp3\/wp-content\/uploads\/2021\/02\/image009-OsteroyVel-50-arsfest-768x1152.jpg 768w, https:\/\/anders.no\/wp3\/wp-content\/uploads\/2021\/02\/image009-OsteroyVel-50-arsfest-1024x1536.jpg 1024w, https:\/\/anders.no\/wp3\/wp-content\/uploads\/2021\/02\/image009-OsteroyVel-50-arsfest-1365x2048.jpg 1365w, https:\/\/anders.no\/wp3\/wp-content\/uploads\/2021\/02\/image009-OsteroyVel-50-arsfest-scaled.jpg 1707w\" sizes=\"auto, (max-width: 683px) 100vw, 683px\" \/><figcaption class=\"blocks-gallery-item__caption\">Gunnar Hvitstein<\/figcaption><\/figure><\/li><li class=\"blocks-gallery-item\"><figure><img loading=\"lazy\" decoding=\"async\" width=\"683\" height=\"1024\" src=\"http:\/\/anders.no\/wp3\/wp-content\/uploads\/2021\/02\/image010-OsteroyVel-50-arsfest-683x1024.jpg\" alt=\"\" data-id=\"674\" data-full-url=\"http:\/\/anders.no\/wp3\/wp-content\/uploads\/2021\/02\/image010-OsteroyVel-50-arsfest-scaled.jpg\" data-link=\"http:\/\/anders.no\/wp3\/image010-osteroyvel-50-arsfest\/\" class=\"wp-image-674\" srcset=\"https:\/\/anders.no\/wp3\/wp-content\/uploads\/2021\/02\/image010-OsteroyVel-50-arsfest-683x1024.jpg 683w, https:\/\/anders.no\/wp3\/wp-content\/uploads\/2021\/02\/image010-OsteroyVel-50-arsfest-200x300.jpg 200w, https:\/\/anders.no\/wp3\/wp-content\/uploads\/2021\/02\/image010-OsteroyVel-50-arsfest-768x1152.jpg 768w, https:\/\/anders.no\/wp3\/wp-content\/uploads\/2021\/02\/image010-OsteroyVel-50-arsfest-1024x1536.jpg 1024w, https:\/\/anders.no\/wp3\/wp-content\/uploads\/2021\/02\/image010-OsteroyVel-50-arsfest-1365x2048.jpg 1365w, https:\/\/anders.no\/wp3\/wp-content\/uploads\/2021\/02\/image010-OsteroyVel-50-arsfest-scaled.jpg 1707w\" sizes=\"auto, (max-width: 683px) 100vw, 683px\" \/><figcaption class=\"blocks-gallery-item__caption\">Bj\u00f8rnSunde<\/figcaption><\/figure><\/li><li class=\"blocks-gallery-item\"><figure><img loading=\"lazy\" decoding=\"async\" width=\"683\" height=\"1024\" src=\"http:\/\/anders.no\/wp3\/wp-content\/uploads\/2021\/02\/image011-OsteroyVel-50-arsfest-683x1024.jpg\" alt=\"\" data-id=\"675\" data-full-url=\"http:\/\/anders.no\/wp3\/wp-content\/uploads\/2021\/02\/image011-OsteroyVel-50-arsfest-scaled.jpg\" data-link=\"http:\/\/anders.no\/wp3\/image011-osteroyvel-50-arsfest\/\" class=\"wp-image-675\" srcset=\"https:\/\/anders.no\/wp3\/wp-content\/uploads\/2021\/02\/image011-OsteroyVel-50-arsfest-683x1024.jpg 683w, https:\/\/anders.no\/wp3\/wp-content\/uploads\/2021\/02\/image011-OsteroyVel-50-arsfest-200x300.jpg 200w, https:\/\/anders.no\/wp3\/wp-content\/uploads\/2021\/02\/image011-OsteroyVel-50-arsfest-768x1152.jpg 768w, https:\/\/anders.no\/wp3\/wp-content\/uploads\/2021\/02\/image011-OsteroyVel-50-arsfest-1024x1536.jpg 1024w, https:\/\/anders.no\/wp3\/wp-content\/uploads\/2021\/02\/image011-OsteroyVel-50-arsfest-1365x2048.jpg 1365w, https:\/\/anders.no\/wp3\/wp-content\/uploads\/2021\/02\/image011-OsteroyVel-50-arsfest-scaled.jpg 1707w\" sizes=\"auto, (max-width: 683px) 100vw, 683px\" \/><figcaption class=\"blocks-gallery-item__caption\">Grete Sunde<\/figcaption><\/figure><\/li><li class=\"blocks-gallery-item\"><figure><img loading=\"lazy\" decoding=\"async\" width=\"1024\" height=\"683\" src=\"http:\/\/anders.no\/wp3\/wp-content\/uploads\/2021\/02\/image014-OsteroyVel-50-arsfest-1024x683.jpg\" alt=\"\" data-id=\"678\" data-full-url=\"http:\/\/anders.no\/wp3\/wp-content\/uploads\/2021\/02\/image014-OsteroyVel-50-arsfest-scaled.jpg\" data-link=\"http:\/\/anders.no\/wp3\/image014-osteroyvel-50-arsfest\/\" class=\"wp-image-678\" srcset=\"https:\/\/anders.no\/wp3\/wp-content\/uploads\/2021\/02\/image014-OsteroyVel-50-arsfest-1024x683.jpg 1024w, https:\/\/anders.no\/wp3\/wp-content\/uploads\/2021\/02\/image014-OsteroyVel-50-arsfest-300x200.jpg 300w, https:\/\/anders.no\/wp3\/wp-content\/uploads\/2021\/02\/image014-OsteroyVel-50-arsfest-768x512.jpg 768w, https:\/\/anders.no\/wp3\/wp-content\/uploads\/2021\/02\/image014-OsteroyVel-50-arsfest-1536x1024.jpg 1536w, https:\/\/anders.no\/wp3\/wp-content\/uploads\/2021\/02\/image014-OsteroyVel-50-arsfest-2048x1365.jpg 2048w\" sizes=\"auto, (max-width: 1024px) 100vw, 1024px\" \/><figcaption class=\"blocks-gallery-item__caption\">Carl C Fon<\/figcaption><\/figure><\/li><li class=\"blocks-gallery-item\"><figure><img loading=\"lazy\" decoding=\"async\" width=\"1024\" height=\"683\" src=\"http:\/\/anders.no\/wp3\/wp-content\/uploads\/2021\/02\/image015-OsteroyVel-50-arsfest-1024x683.jpg\" alt=\"\" data-id=\"679\" data-full-url=\"http:\/\/anders.no\/wp3\/wp-content\/uploads\/2021\/02\/image015-OsteroyVel-50-arsfest-scaled.jpg\" data-link=\"http:\/\/anders.no\/wp3\/image015-osteroyvel-50-arsfest\/\" class=\"wp-image-679\" srcset=\"https:\/\/anders.no\/wp3\/wp-content\/uploads\/2021\/02\/image015-OsteroyVel-50-arsfest-1024x683.jpg 1024w, https:\/\/anders.no\/wp3\/wp-content\/uploads\/2021\/02\/image015-OsteroyVel-50-arsfest-300x200.jpg 300w, https:\/\/anders.no\/wp3\/wp-content\/uploads\/2021\/02\/image015-OsteroyVel-50-arsfest-768x512.jpg 768w, https:\/\/anders.no\/wp3\/wp-content\/uploads\/2021\/02\/image015-OsteroyVel-50-arsfest-1536x1024.jpg 1536w, https:\/\/anders.no\/wp3\/wp-content\/uploads\/2021\/02\/image015-OsteroyVel-50-arsfest-2048x1365.jpg 2048w\" sizes=\"auto, (max-width: 1024px) 100vw, 1024px\" \/><figcaption class=\"blocks-gallery-item__caption\">Anton Almehagen , Sibylle Stensvold<\/figcaption><\/figure><\/li><li class=\"blocks-gallery-item\"><figure><img loading=\"lazy\" decoding=\"async\" width=\"683\" height=\"1024\" src=\"http:\/\/anders.no\/wp3\/wp-content\/uploads\/2021\/02\/image006-OsteroyVel-50-arsfest-683x1024.jpg\" alt=\"\" data-id=\"670\" data-full-url=\"http:\/\/anders.no\/wp3\/wp-content\/uploads\/2021\/02\/image006-OsteroyVel-50-arsfest-scaled.jpg\" data-link=\"http:\/\/anders.no\/wp3\/image006-osteroyvel-50-arsfest\/\" class=\"wp-image-670\" srcset=\"https:\/\/anders.no\/wp3\/wp-content\/uploads\/2021\/02\/image006-OsteroyVel-50-arsfest-683x1024.jpg 683w, https:\/\/anders.no\/wp3\/wp-content\/uploads\/2021\/02\/image006-OsteroyVel-50-arsfest-200x300.jpg 200w, https:\/\/anders.no\/wp3\/wp-content\/uploads\/2021\/02\/image006-OsteroyVel-50-arsfest-768x1152.jpg 768w, https:\/\/anders.no\/wp3\/wp-content\/uploads\/2021\/02\/image006-OsteroyVel-50-arsfest-1024x1536.jpg 1024w, https:\/\/anders.no\/wp3\/wp-content\/uploads\/2021\/02\/image006-OsteroyVel-50-arsfest-1365x2048.jpg 1365w, https:\/\/anders.no\/wp3\/wp-content\/uploads\/2021\/02\/image006-OsteroyVel-50-arsfest-scaled.jpg 1707w\" sizes=\"auto, (max-width: 683px) 100vw, 683px\" \/><figcaption class=\"blocks-gallery-item__caption\">Solveig Danielsen, \u00c5se Fon<\/figcaption><\/figure><\/li><li class=\"blocks-gallery-item\"><figure><img loading=\"lazy\" decoding=\"async\" width=\"683\" height=\"1024\" src=\"http:\/\/anders.no\/wp3\/wp-content\/uploads\/2021\/02\/image005-OsteroyVel-50-arsfest-683x1024.jpg\" alt=\"\" data-id=\"669\" data-full-url=\"http:\/\/anders.no\/wp3\/wp-content\/uploads\/2021\/02\/image005-OsteroyVel-50-arsfest-scaled.jpg\" data-link=\"http:\/\/anders.no\/wp3\/image005-osteroyvel-50-arsfest\/\" class=\"wp-image-669\" srcset=\"https:\/\/anders.no\/wp3\/wp-content\/uploads\/2021\/02\/image005-OsteroyVel-50-arsfest-683x1024.jpg 683w, https:\/\/anders.no\/wp3\/wp-content\/uploads\/2021\/02\/image005-OsteroyVel-50-arsfest-200x300.jpg 200w, https:\/\/anders.no\/wp3\/wp-content\/uploads\/2021\/02\/image005-OsteroyVel-50-arsfest-768x1152.jpg 768w, https:\/\/anders.no\/wp3\/wp-content\/uploads\/2021\/02\/image005-OsteroyVel-50-arsfest-1024x1536.jpg 1024w, https:\/\/anders.no\/wp3\/wp-content\/uploads\/2021\/02\/image005-OsteroyVel-50-arsfest-1365x2048.jpg 1365w, https:\/\/anders.no\/wp3\/wp-content\/uploads\/2021\/02\/image005-OsteroyVel-50-arsfest-scaled.jpg 1707w\" sizes=\"auto, (max-width: 683px) 100vw, 683px\" \/><figcaption class=\"blocks-gallery-item__caption\">Randi H\u00e5konsen, Hans Johnsen<\/figcaption><\/figure><\/li><li class=\"blocks-gallery-item\"><figure><img loading=\"lazy\" decoding=\"async\" width=\"1024\" height=\"683\" src=\"http:\/\/anders.no\/wp3\/wp-content\/uploads\/2021\/02\/image001-OsteroyVel-50-arsfest-1024x683.jpg\" alt=\"\" data-id=\"665\" data-full-url=\"http:\/\/anders.no\/wp3\/wp-content\/uploads\/2021\/02\/image001-OsteroyVel-50-arsfest-scaled.jpg\" data-link=\"http:\/\/anders.no\/wp3\/image001-osteroyvel-50-arsfest\/\" class=\"wp-image-665\" srcset=\"https:\/\/anders.no\/wp3\/wp-content\/uploads\/2021\/02\/image001-OsteroyVel-50-arsfest-1024x683.jpg 1024w, https:\/\/anders.no\/wp3\/wp-content\/uploads\/2021\/02\/image001-OsteroyVel-50-arsfest-300x200.jpg 300w, https:\/\/anders.no\/wp3\/wp-content\/uploads\/2021\/02\/image001-OsteroyVel-50-arsfest-768x512.jpg 768w, https:\/\/anders.no\/wp3\/wp-content\/uploads\/2021\/02\/image001-OsteroyVel-50-arsfest-1536x1024.jpg 1536w, https:\/\/anders.no\/wp3\/wp-content\/uploads\/2021\/02\/image001-OsteroyVel-50-arsfest-2048x1365.jpg 2048w\" sizes=\"auto, (max-width: 1024px) 100vw, 1024px\" \/><figcaption class=\"blocks-gallery-item__caption\">Oddmund Rolstad<\/figcaption><\/figure><\/li><li class=\"blocks-gallery-item\"><figure><img loading=\"lazy\" decoding=\"async\" width=\"683\" height=\"1024\" src=\"http:\/\/anders.no\/wp3\/wp-content\/uploads\/2021\/02\/image0Larvik-OsteroyVel-50-arsfest-683x1024.jpg\" alt=\"\" data-id=\"664\" data-full-url=\"http:\/\/anders.no\/wp3\/wp-content\/uploads\/2021\/02\/image0Larvik-OsteroyVel-50-arsfest-scaled.jpg\" data-link=\"http:\/\/anders.no\/wp3\/image0larvik-osteroyvel-50-arsfest\/\" class=\"wp-image-664\" srcset=\"https:\/\/anders.no\/wp3\/wp-content\/uploads\/2021\/02\/image0Larvik-OsteroyVel-50-arsfest-683x1024.jpg 683w, https:\/\/anders.no\/wp3\/wp-content\/uploads\/2021\/02\/image0Larvik-OsteroyVel-50-arsfest-200x300.jpg 200w, https:\/\/anders.no\/wp3\/wp-content\/uploads\/2021\/02\/image0Larvik-OsteroyVel-50-arsfest-768x1152.jpg 768w, https:\/\/anders.no\/wp3\/wp-content\/uploads\/2021\/02\/image0Larvik-OsteroyVel-50-arsfest-1024x1536.jpg 1024w, https:\/\/anders.no\/wp3\/wp-content\/uploads\/2021\/02\/image0Larvik-OsteroyVel-50-arsfest-1365x2048.jpg 1365w, https:\/\/anders.no\/wp3\/wp-content\/uploads\/2021\/02\/image0Larvik-OsteroyVel-50-arsfest-scaled.jpg 1707w\" sizes=\"auto, (max-width: 683px) 100vw, 683px\" \/><\/figure><\/li><li class=\"blocks-gallery-item\"><figure><img loading=\"lazy\" decoding=\"async\" width=\"1024\" height=\"683\" src=\"http:\/\/anders.no\/wp3\/wp-content\/uploads\/2021\/02\/image003-OsteroyVel-50-arsfest-1024x683.jpg\" alt=\"\" data-id=\"668\" data-full-url=\"http:\/\/anders.no\/wp3\/wp-content\/uploads\/2021\/02\/image003-OsteroyVel-50-arsfest-scaled.jpg\" data-link=\"http:\/\/anders.no\/wp3\/image003-osteroyvel-50-arsfest\/\" class=\"wp-image-668\" srcset=\"https:\/\/anders.no\/wp3\/wp-content\/uploads\/2021\/02\/image003-OsteroyVel-50-arsfest-1024x683.jpg 1024w, https:\/\/anders.no\/wp3\/wp-content\/uploads\/2021\/02\/image003-OsteroyVel-50-arsfest-300x200.jpg 300w, https:\/\/anders.no\/wp3\/wp-content\/uploads\/2021\/02\/image003-OsteroyVel-50-arsfest-768x512.jpg 768w, https:\/\/anders.no\/wp3\/wp-content\/uploads\/2021\/02\/image003-OsteroyVel-50-arsfest-1536x1024.jpg 1536w, https:\/\/anders.no\/wp3\/wp-content\/uploads\/2021\/02\/image003-OsteroyVel-50-arsfest-2048x1365.jpg 2048w\" sizes=\"auto, (max-width: 1024px) 100vw, 1024px\" \/><figcaption class=\"blocks-gallery-item__caption\">Ellen \u00d8ster\u00f8ya, fr. Eriksen<\/figcaption><\/figure><\/li><\/ul><figcaption class=\"blocks-gallery-caption\">Festen ble holdt i &laquo;potetkjelleren &raquo; til Carl Christian Fon.<\/figcaption><\/figure>\n<\/div><\/div>\n<\/div>\n<\/div>\n","protected":false},"excerpt":{"rendered":"","protected":false},"author":1,"featured_media":0,"parent":689,"menu_order":0,"comment_status":"closed","ping_status":"closed","template":"","meta":{"footnotes":"","advanced-sidebar-menu\/link-title":"","advanced-sidebar-menu\/exclude-page":false},"class_list":["post-691","page","type-page","status-publish","hentry"],"_links":{"self":[{"href":"https:\/\/anders.no\/wp3\/wp-json\/wp\/v2\/pages\/691","targetHints":{"allow":["GET"]}}],"collection":[{"href":"https:\/\/anders.no\/wp3\/wp-json\/wp\/v2\/pages"}],"about":[{"href":"https:\/\/anders.no\/wp3\/wp-json\/wp\/v2\/types\/page"}],"author":[{"embeddable":true,"href":"https:\/\/anders.no\/wp3\/wp-json\/wp\/v2\/users\/1"}],"replies":[{"embeddable":true,"href":"https:\/\/anders.no\/wp3\/wp-json\/wp\/v2\/comments?post=691"}],"version-history":[{"count":3,"href":"https:\/\/anders.no\/wp3\/wp-json\/wp\/v2\/pages\/691\/revisions"}],"predecessor-version":[{"id":697,"href":"https:\/\/anders.no\/wp3\/wp-json\/wp\/v2\/pages\/691\/revisions\/697"}],"up":[{"embeddable":true,"href":"https:\/\/anders.no\/wp3\/wp-json\/wp\/v2\/pages\/689"}],"wp:attachment":[{"href":"https:\/\/anders.no\/wp3\/wp-json\/wp\/v2\/media?parent=691"}],"curies":[{"name":"wp","href":"https:\/\/api.w.org\/{rel}","templated":true}]}}