{"id":5,"date":"2020-01-13T11:17:52","date_gmt":"2020-01-13T11:17:52","guid":{"rendered":"https:\/\/demosites.io\/web-agency-gb\/?page_id=5"},"modified":"2022-01-11T10:06:30","modified_gmt":"2022-01-11T10:06:30","slug":"15c42-web-agency-gb-home","status":"publish","type":"page","link":"https:\/\/anders.no\/wp3\/","title":{"rendered":"Start her"},"content":{"rendered":"\n<div style=\"height:80px\" aria-hidden=\"true\" class=\"wp-block-spacer\"><\/div>\n\n\n<p><!-- \/wp:post-content --><\/p>\n<p><!-- wp:spacer {\"height\":80} --><\/p>\n<div class=\"wp-block-spacer\" style=\"height: 80px;\" aria-hidden=\"true\"><img loading=\"lazy\" decoding=\"async\" src=\"https:\/\/s33834.pcdn.co\/wp-content\/uploads\/2020\/12\/check-solid-1.svg\" alt=\"\" width=\"64\" height=\"64\"><\/div>\n<div class=\"wp-block-columns\">\n<div class=\"wp-block-column\">\n<p><!-- \/wp:spacer --><\/p>\n<p><!-- wp:heading {\"level\":3,\"className\":\"has-text-align-center\",\"textColor\":\"neve-text-color\"} --><\/p>\n<h3 class=\"has-text-align-center has-neve-text-color-color has-text-color\">250kr pr fot<\/h3>\n<p><!-- \/wp:heading --><\/p>\n<p><!-- wp:paragraph {\"align\":\"center\"} --><\/p>\n<p class=\"has-text-align-center\">B\u00e5ten m\u00e5 leveres p\u00e5 henger.<\/p>\n<p><!-- \/wp:paragraph --><\/p>\n<p><!-- wp:spacer {\"height\":20} --><\/p>\n<div class=\"wp-block-spacer\" style=\"height: 20px;\" aria-hidden=\"true\">&nbsp;<\/div>\n<p><!-- \/wp:spacer --><\/p>\n<\/div>\n<div class=\"wp-block-column\">\n<p><!-- \/wp:image --><\/p>\n<p><!-- wp:heading {\"level\":3,\"className\":\"has-text-align-center\",\"textColor\":\"neve-text-color\"} --><\/p>\n<h3 class=\"has-text-align-center has-neve-text-color-color has-text-color\">Betingelser b\u00e5topplag<\/h3>\n<p><!-- \/wp:heading --><\/p>\n<p><!-- wp:paragraph {\"align\":\"center\"} --><\/p>\n<p>Strand Gartneri AS lagrer fritidsb\u00e5ter i veksthuset. Veksthuset er en l\u00e5st bygning med brannvarsling. B\u00e5ten og tilhenger m\u00e5 likevel v\u00e6re forsikret(kasko) p\u00e5 eiers h\u00e5nd. Det er dessverre ikke mulig for oss \u00e5 forsikre lagringsobjekter vi har i v\u00e5r forvaring.<br>Alle b\u00e5ter m\u00e5 leveres p\u00e5 henger. Eier m\u00e5 gi beskjed minst 7 dager f\u00f8r b\u00e5ten skal ut om v\u00e5ren! <br>Normal lagringsperiode er 15. august til 1.juli. Lagring ut over dette avtales spesielt.<\/p>\n<p>Vi kan ikke ta ansvar for skade p\u00e5 puter og kalesjer som f\u00f8lge av fuktighet og b\u00e5teier b\u00f8r vurdere \u00e5 fjerne slike f\u00f8r vinteren. Hvis hjul p\u00e5 tilhenger l\u00e5ser seg i l\u00f8pet av lagringsperioden, er dette ogs\u00e5 b\u00e5teiers ansvar.<br>Alle som har lagret b\u00e5ten en sesong, f\u00e5r automatisk plass p\u00e5f\u00f8lgende sesong. Vennligst gi beskjed senest 15. august hvis plassen ikke skal benyttes!<\/p>\n<p>Ved senere beskjed forbeholder vi oss retten til \u00e5 fakturere normal leie for en sesong.<\/p>\n<p>Vi ber om at batteriet fjernes eller i det minste koples fra f\u00f8r opplag.<\/p>\n<p><!-- \/wp:paragraph --><\/p>\n<p><!-- wp:spacer {\"height\":20} --><\/p>\n<div class=\"wp-block-spacer\" style=\"height: 20px;\" aria-hidden=\"true\">&nbsp;<\/div>\n<p><!-- \/wp:spacer --><\/p>\n<\/div>\n<p><!-- \/wp:column --><\/p>\n<p><!-- wp:column --><\/p>\n<div class=\"wp-block-column\"><!-- wp:image {\"align\":\"center\",\"width\":64,\"height\":64,\"sizeSlug\":\"large\",\"className\":\"icon-style is-style-rounded\"} --><p><\/p>\n<p><\/p>\n<div class=\"wp-block-image icon-style is-style-rounded\">\n<figure class=\"aligncenter size-large is-resized\"><img loading=\"lazy\" decoding=\"async\" src=\"https:\/\/s33834.pcdn.co\/wp-content\/uploads\/2020\/12\/bolt.svg\" alt=\"\" width=\"64\" height=\"64\"><\/figure>\n<\/div>\n<p><!-- \/wp:image --><\/p>\n<p><!-- wp:heading {\"level\":3,\"className\":\"has-text-align-center\",\"textColor\":\"neve-text-color\"} --><\/p>\n<h3 class=\"has-text-align-center has-neve-text-color-color has-text-color\">Husk \u00e5 koble fra batteriet<\/h3>\n<p><!-- \/wp:heading --><\/p>\n<p><!-- wp:paragraph {\"align\":\"center\"} --><\/p>\n<p class=\"has-text-align-center\">Da reduserer vi faren for brann ! .. og batteriet varer lengre.<\/p>\n<p><!-- \/wp:paragraph --><\/p>\n<p><!-- wp:spacer {\"height\":20} --><\/p>\n<div class=\"wp-block-spacer\" style=\"height: 20px;\" aria-hidden=\"true\">&nbsp;<\/div>\n<p><!-- \/wp:spacer --><\/p>\n<\/div>\n<p><!-- \/wp:column --><\/p>\n<\/div>\n<p><!-- \/wp:columns --><\/p>\n<p><!-- wp:spacer {\"height\":80} --><\/p>\n<div class=\"wp-block-spacer\" style=\"height: 80px;\" aria-hidden=\"true\">&nbsp;<\/div>\n<p><!-- \/wp:spacer --><\/p>\n<p><!-- wp:cover {\"overlayColor\":\"nv-light-bg\",\"minHeight\":600,\"align\":\"full\"} --><\/p>\n<div class=\"wp-block-cover alignfull has-nv-light-bg-background-color has-background-dim\" style=\"min-height: 600px;\">\n<div class=\"wp-block-cover__inner-container\"><!-- wp:group --><p><\/p>\n<p><\/p>\n<div class=\"wp-block-group\">\n<div class=\"wp-block-group__inner-container\"><!-- wp:spacer {\"height\":80} --><p><\/p>\n<p><\/p>\n<div class=\"wp-block-spacer\" style=\"height: 80px;\" aria-hidden=\"true\">&nbsp;<\/div>\n<p><!-- \/wp:spacer --><\/p>\n<p><!-- wp:columns {\"verticalAlignment\":\"center\"} --><\/p>\n<div class=\"wp-block-columns are-vertically-aligned-center\"><!-- wp:column {\"verticalAlignment\":\"center\",\"width\":50} --><p><\/p>\n<p><\/p>\n<div class=\"wp-block-column is-vertically-aligned-center\" style=\"flex-basis: 50%;\"><!-- wp:image {\"id\":37,\"sizeSlug\":\"large\"} --><p><\/p>\n<p><\/p>\n<figure class=\"wp-block-image size-large\"><img loading=\"lazy\" decoding=\"async\" class=\"alignnone size-medium wp-image-383\" src=\"http:\/\/anders.no\/wp3\/wp-content\/uploads\/2021\/01\/Historisk-vandring-Skaulokka-Strand-010-300x225.jpg\" alt=\"\" width=\"300\" height=\"225\" srcset=\"https:\/\/anders.no\/wp3\/wp-content\/uploads\/2021\/01\/Historisk-vandring-Skaulokka-Strand-010-300x225.jpg 300w, https:\/\/anders.no\/wp3\/wp-content\/uploads\/2021\/01\/Historisk-vandring-Skaulokka-Strand-010-1024x768.jpg 1024w, https:\/\/anders.no\/wp3\/wp-content\/uploads\/2021\/01\/Historisk-vandring-Skaulokka-Strand-010-768x576.jpg 768w, https:\/\/anders.no\/wp3\/wp-content\/uploads\/2021\/01\/Historisk-vandring-Skaulokka-Strand-010-1536x1152.jpg 1536w, https:\/\/anders.no\/wp3\/wp-content\/uploads\/2021\/01\/Historisk-vandring-Skaulokka-Strand-010-2048x1536.jpg 2048w\" sizes=\"auto, (max-width: 300px) 100vw, 300px\" \/><\/figure>\n<p><!-- \/wp:image --><\/p>\n<\/div>\n<p><!-- \/wp:column --><\/p>\n<p><!-- wp:column {\"verticalAlignment\":\"center\",\"width\":50} --><\/p>\n<div class=\"wp-block-column is-vertically-aligned-center\" style=\"flex-basis: 50%;\"><!-- wp:spacer {\"height\":20} --><p><\/p>\n<p><\/p>\n<div class=\"wp-block-spacer\" style=\"height: 20px;\" aria-hidden=\"true\">&nbsp;<\/div>\n<p><!-- \/wp:spacer --><\/p>\n<p><!-- wp:heading {\"align\":\"left\",\"textColor\":\"neve-text-color\"} --><\/p>\n<h3 class=\"has-text-align-left has-neve-text-color-color has-text-color\">G\u00e5rdshistorie<\/h3>\n<h3><!-- \/wp:heading --><\/h3>\n<h3><!-- wp:paragraph {\"align\":\"left\",\"textColor\":\"neve-text-color\",\"style\":{\"typography\":{\"fontSize\":17}}} --><\/h3>\n<h3 class=\"has-text-align-left has-neve-text-color-color has-text-color\" style=\"font-size: 17px;\">Bildet til venstre er fra en av \u00d8ster\u00f8y Vel sine historiske vandringer&nbsp;<\/h3>\n<p><!-- \/wp:paragraph --><\/p>\n<p><!-- wp:buttons {\"align\":\"left\"} --><\/p>\n<div class=\"wp-block-buttons alignleft\"><!-- wp:button {\"className\":\"is-style-primary\"} --><p><\/p>\n<p><\/p>\n<div class=\"wp-block-button is-style-primary\"><a class=\"wp-block-button__link\" href=\"http:\/\/anders.no\/wp3\/osteroya\/gardshistroie\/\">Les mer om g\u00e5rdene i \u00d8ster\u00f8ya<\/a><\/div>\n<p><!-- \/wp:button --><\/p>\n<\/div>\n<p><!-- \/wp:buttons --><\/p>\n<\/div>\n<p><!-- \/wp:column --><\/p>\n<\/div>\n<p><!-- \/wp:columns --><\/p>\n<p><!-- wp:spacer {\"height\":40} --><\/p>\n<div class=\"wp-block-spacer\" style=\"height: 40px;\" aria-hidden=\"true\">&nbsp;<\/div>\n<p><!-- \/wp:spacer --><\/p>\n<\/div>\n<\/div>\n<p><!-- \/wp:group --><\/p>\n<\/div>\n<\/div>\n<p><!-- \/wp:cover --><\/p>\n<p><!-- wp:cover {\"overlayColor\":\"nv-site-bg\",\"minHeight\":600,\"align\":\"full\"} --><\/p>\n<div class=\"wp-block-cover alignfull has-nv-site-bg-background-color has-background-dim\" style=\"min-height: 600px;\">\n<div class=\"wp-block-cover__inner-container\"><!-- wp:group --><p><\/p>\n<p><\/p>\n<div class=\"wp-block-group\">\n<div class=\"wp-block-group__inner-container\"><!-- wp:spacer {\"height\":80} --><p><\/p>\n<p><\/p>\n<div class=\"wp-block-spacer\" style=\"height: 80px;\" aria-hidden=\"true\">&nbsp;<\/div>\n<p><!-- \/wp:spacer --><\/p>\n<p><!-- wp:columns {\"verticalAlignment\":\"center\"} --><\/p>\n<div class=\"wp-block-columns are-vertically-aligned-center\"><!-- wp:column {\"verticalAlignment\":\"center\",\"width\":50} --><p><\/p>\n<p><\/p>\n<div class=\"wp-block-column is-vertically-aligned-center\" style=\"flex-basis: 50%;\"><!-- wp:heading {\"align\":\"left\",\"textColor\":\"neve-text-color\"} --><p><\/p>\n<p><\/p>\n<h2 class=\"has-text-align-left has-neve-text-color-color has-text-color\">Branding<\/h2>\n<p><!-- \/wp:heading --><\/p>\n<p><!-- wp:paragraph {\"align\":\"left\",\"textColor\":\"neve-text-color\",\"style\":{\"typography\":{\"fontSize\":17}}} --><\/p>\n<p class=\"has-text-align-left has-neve-text-color-color has-text-color\" style=\"font-size: 17px;\">Lorem ipsum dolor sit amet, consectetur adipiscing elit. Ut elit tellus, luctus nec ullamcorper mattis, pulvinar dapibus leo.<\/p>\n<p><!-- \/wp:paragraph --><\/p>\n<p><!-- wp:buttons {\"align\":\"left\"} --><\/p>\n<div class=\"wp-block-buttons alignleft\"><!-- wp:button {\"className\":\"is-style-primary\"} --><p><\/p>\n<p><\/p>\n<div class=\"wp-block-button is-style-primary\"><a class=\"wp-block-button__link\" href=\"https:\/\/demosites.io\/web-agency-gb\/web-agency-gb-portfolio-single\/\">LEARN MORE<\/a><\/div>\n<p><!-- \/wp:button --><\/p>\n<\/div>\n<p><!-- \/wp:buttons --><\/p>\n<p><!-- wp:spacer {\"height\":40} --><\/p>\n<div class=\"wp-block-spacer\" style=\"height: 40px;\" aria-hidden=\"true\">&nbsp;<\/div>\n<p><!-- \/wp:spacer --><\/p>\n<\/div>\n<p><!-- \/wp:column --><\/p>\n<p><!-- wp:column {\"verticalAlignment\":\"center\",\"width\":50} --><\/p>\n<div class=\"wp-block-column is-vertically-aligned-center\" style=\"flex-basis: 50%;\"><!-- wp:image {\"id\":40,\"sizeSlug\":\"large\"} --><p><\/p>\n<p><\/p>\n<figure class=\"wp-block-image size-large\"><img loading=\"lazy\" decoding=\"async\" width=\"600\" height=\"600\" class=\"wp-image-40\" src=\"http:\/\/anders.no\/wp3\/wp-content\/uploads\/2020\/01\/neve-web-design-bg-13.jpg\" alt=\"\"><\/figure>\n<p><!-- \/wp:image --><\/p>\n<\/div>\n<p><!-- \/wp:column --><\/p>\n<\/div>\n<p><!-- \/wp:columns --><\/p>\n<p><!-- wp:spacer {\"height\":40} --><\/p>\n<div class=\"wp-block-spacer\" style=\"height: 40px;\" aria-hidden=\"true\">&nbsp;<\/div>\n<p><!-- \/wp:spacer --><\/p>\n<\/div>\n<\/div>\n<p><!-- \/wp:group --><\/p>\n<\/div>\n<\/div>\n<p><!-- \/wp:cover --><\/p>\n<p><!-- wp:cover {\"overlayColor\":\"nv-dark-bg\",\"minHeight\":600,\"align\":\"full\"} --><\/p>\n<div class=\"wp-block-cover alignfull has-nv-dark-bg-background-color has-background-dim\" style=\"min-height: 600px;\">\n<div class=\"wp-block-cover__inner-container\"><!-- wp:group --><p><\/p>\n<p><\/p>\n<div class=\"wp-block-group\">\n<div class=\"wp-block-group__inner-container\"><!-- wp:spacer {\"height\":80} --><p><\/p>\n<p><\/p>\n<div class=\"wp-block-spacer\" style=\"height: 80px;\" aria-hidden=\"true\">&nbsp;<\/div>\n<p><!-- \/wp:spacer --><\/p>\n<p><!-- wp:columns {\"verticalAlignment\":\"center\"} --><\/p>\n<div class=\"wp-block-columns are-vertically-aligned-center\"><!-- wp:column {\"verticalAlignment\":\"center\",\"width\":50} --><p><\/p>\n<p><\/p>\n<div class=\"wp-block-column is-vertically-aligned-center\" style=\"flex-basis: 50%;\"><!-- wp:image {\"id\":35,\"sizeSlug\":\"large\"} --><p><\/p>\n<p><\/p>\n<figure class=\"wp-block-image size-large\"><img loading=\"lazy\" decoding=\"async\" width=\"600\" height=\"600\" class=\"wp-image-35\" src=\"http:\/\/anders.no\/wp3\/wp-content\/uploads\/2020\/01\/neve-web-design-bg-08.jpg\" alt=\"\"><\/figure>\n<p><!-- \/wp:image --><\/p>\n<\/div>\n<p><!-- \/wp:column --><\/p>\n<p><!-- wp:column {\"verticalAlignment\":\"center\",\"width\":50} --><\/p>\n<div class=\"wp-block-column is-vertically-aligned-center\" style=\"flex-basis: 50%;\"><!-- wp:spacer {\"height\":40} --><p><\/p>\n<p><\/p>\n<div class=\"wp-block-spacer\" style=\"height: 40px;\" aria-hidden=\"true\">&nbsp;<\/div>\n<p><!-- \/wp:spacer --><\/p>\n<p><!-- wp:heading {\"align\":\"left\",\"textColor\":\"nv-text-dark-bg\"} --><\/p>\n<h2 class=\"has-text-align-left has-nv-text-dark-bg-color has-text-color\">We are driven by values<\/h2>\n<p><!-- \/wp:heading --><\/p>\n<p><!-- wp:paragraph {\"align\":\"left\",\"textColor\":\"nv-text-dark-bg\",\"style\":{\"typography\":{\"fontSize\":17}}} --><\/p>\n<p class=\"has-text-align-left has-nv-text-dark-bg-color has-text-color\" style=\"font-size: 17px;\">Lorem ipsum dolor sit amet, consectetur adipiscing elit. Ut elit tellus, luctus nec ullamcorper mattis, pulvinar dapibus leo.<\/p>\n<p><!-- \/wp:paragraph --><\/p>\n<p><!-- wp:buttons {\"align\":\"left\"} --><\/p>\n<div class=\"wp-block-buttons alignleft\"><!-- wp:button {\"className\":\"is-style-primary\"} --><p><\/p>\n<p><\/p>\n<div class=\"wp-block-button is-style-primary\"><a class=\"wp-block-button__link\" href=\"https:\/\/demosites.io\/web-agency-gb\/web-agency-gb-about-us\/\">LEARN MORE<\/a><\/div>\n<p><!-- \/wp:button --><\/p>\n<\/div>\n<p><!-- \/wp:buttons --><\/p>\n<\/div>\n<p><!-- \/wp:column --><\/p>\n<\/div>\n<p><!-- \/wp:columns --><\/p>\n<p><!-- wp:spacer {\"height\":40} --><\/p>\n<div class=\"wp-block-spacer\" style=\"height: 40px;\" aria-hidden=\"true\">&nbsp;<\/div>\n<p><!-- \/wp:spacer --><\/p>\n<\/div>\n<\/div>\n<p><!-- \/wp:group --><\/p>\n<\/div>\n<\/div>\n<p><!-- \/wp:cover --><\/p>\n<p><!-- wp:spacer {\"height\":40} --><\/p>\n<div class=\"wp-block-spacer\" style=\"height: 40px;\" aria-hidden=\"true\">&nbsp;<\/div>\n<p><!-- \/wp:spacer --><\/p>\n<p><!-- wp:cover {\"overlayColor\":\"nv-site-bg\",\"minHeight\":600,\"align\":\"full\"} --><\/p>\n<div class=\"wp-block-cover alignfull has-nv-site-bg-background-color has-background-dim\" style=\"min-height: 600px;\">\n<div class=\"wp-block-cover__inner-container\"><!-- wp:group --><p><\/p>\n<p><\/p>\n<div class=\"wp-block-group\">\n<div class=\"wp-block-group__inner-container\"><!-- wp:spacer {\"height\":80} --><p><\/p>\n<p><\/p>\n<div class=\"wp-block-spacer\" style=\"height: 80px;\" aria-hidden=\"true\">&nbsp;<\/div>\n<p><!-- \/wp:spacer --><\/p>\n<p><!-- wp:heading {\"textColor\":\"neve-text-color\"} --><\/p>\n<h2 class=\"has-neve-text-color-color has-text-color\">Featured Work<\/h2>\n<p><!-- \/wp:heading --><\/p>\n<p><!-- wp:spacer {\"height\":20} --><\/p>\n<div class=\"wp-block-spacer\" style=\"height: 20px;\" aria-hidden=\"true\">&nbsp;<\/div>\n<p><!-- \/wp:spacer --><\/p>\n<p><!-- wp:columns {\"verticalAlignment\":\"center\"} --><\/p>\n<div class=\"wp-block-columns are-vertically-aligned-center\"><!-- wp:column {\"verticalAlignment\":\"center\",\"width\":50} --><p><\/p>\n<p><\/p>\n<div class=\"wp-block-column is-vertically-aligned-center\" style=\"flex-basis: 50%;\"><!-- wp:image {\"id\":39,\"sizeSlug\":\"large\"} --><p><\/p>\n<p><\/p>\n<figure class=\"wp-block-image size-large\"><a href=\"https:\/\/demosites.io\/web-agency-gb\/web-agency-gb-portfolio-single\/\"><img loading=\"lazy\" decoding=\"async\" width=\"600\" height=\"600\" class=\"wp-image-39\" src=\"http:\/\/anders.no\/wp3\/wp-content\/uploads\/2020\/01\/neve-web-design-bg-12.jpg\" alt=\"\"><\/a><\/figure>\n<p><!-- \/wp:image --><\/p>\n<p><!-- wp:spacer {\"height\":40} --><\/p>\n<div class=\"wp-block-spacer\" style=\"height: 40px;\" aria-hidden=\"true\">&nbsp;<\/div>\n<p><!-- \/wp:spacer --><\/p>\n<\/div>\n<p><!-- \/wp:column --><\/p>\n<p><!-- wp:column {\"verticalAlignment\":\"center\",\"width\":50} --><\/p>\n<div class=\"wp-block-column is-vertically-aligned-center\" style=\"flex-basis: 50%;\"><!-- wp:image {\"id\":40,\"sizeSlug\":\"large\"} --><p><\/p>\n<p><\/p>\n<figure class=\"wp-block-image size-large\"><a href=\"https:\/\/demosites.io\/web-agency-gb\/web-agency-gb-portfolio-single\/\"><img loading=\"lazy\" decoding=\"async\" width=\"600\" height=\"600\" class=\"wp-image-40\" src=\"http:\/\/anders.no\/wp3\/wp-content\/uploads\/2020\/01\/neve-web-design-bg-13.jpg\" alt=\"\"><\/a><\/figure>\n<p><!-- \/wp:image --><\/p>\n<p><!-- wp:spacer {\"height\":40} --><\/p>\n<div class=\"wp-block-spacer\" style=\"height: 40px;\" aria-hidden=\"true\">&nbsp;<\/div>\n<p><!-- \/wp:spacer --><\/p>\n<\/div>\n<p><!-- \/wp:column --><\/p>\n<\/div>\n<p><!-- \/wp:columns --><\/p>\n<p><!-- wp:spacer {\"height\":40} --><\/p>\n<div class=\"wp-block-spacer\" style=\"height: 40px;\" aria-hidden=\"true\">&nbsp;<\/div>\n<p><!-- \/wp:spacer --><\/p>\n<\/div>\n<\/div>\n<p><!-- \/wp:group --><\/p>\n<\/div>\n<\/div>\n<p><!-- \/wp:cover --><\/p>\n<p><!-- wp:cover {\"overlayColor\":\"nv-light-bg\",\"minHeight\":420,\"align\":\"full\"} --><\/p>\n<div class=\"wp-block-cover alignfull has-nv-light-bg-background-color has-background-dim\" style=\"min-height: 420px;\">\n<div class=\"wp-block-cover__inner-container\"><!-- wp:spacer {\"height\":80} --><p><\/p>\n<p><\/p>\n<div class=\"wp-block-spacer\" style=\"height: 80px;\" aria-hidden=\"true\">&nbsp;<\/div>\n<p><!-- \/wp:spacer --><\/p>\n<p><!-- wp:columns --><\/p>\n<div class=\"wp-block-columns\"><!-- wp:column {\"className\":\"ticss-4ce656f1\"} --><p><\/p>\n<p><\/p>\n<div class=\"wp-block-column ticss-4ce656f1\"><!-- wp:image {\"id\":215,\"width\":80,\"height\":80,\"sizeSlug\":\"large\",\"className\":\"is-style-rounded\"} --><p><\/p>\n<p><\/p>\n<figure class=\"wp-block-image size-large is-resized is-style-rounded\"><img loading=\"lazy\" decoding=\"async\" class=\"wp-image-215\" src=\"http:\/\/anders.no\/wp3\/wp-content\/uploads\/2020\/12\/neve-web-design-studio-03.1.jpg\" alt=\"\" width=\"80\" height=\"80\"><\/figure>\n<p><!-- \/wp:image --><\/p>\n<p><!-- wp:paragraph {\"align\":\"left\",\"textColor\":\"neve-text-color\",\"fontSize\":\"normal\"} --><\/p>\n<p class=\"has-text-align-left has-neve-text-color-color has-text-color has-normal-font-size\">\u201cWhat is the point of being alive if you don\u2019t at least try to do something remarkable?\u201d<\/p>\n<p><!-- \/wp:paragraph --><\/p>\n<p><!-- wp:paragraph {\"textColor\":\"neve-text-color\"} --><\/p>\n<p class=\"has-neve-text-color-color has-text-color\">JANET MORRIS<\/p>\n<p><!-- \/wp:paragraph --><\/p>\n<p><!-- wp:spacer {\"height\":20} --><\/p>\n<div class=\"wp-block-spacer\" style=\"height: 20px;\" aria-hidden=\"true\">&nbsp;<\/div>\n<p><!-- \/wp:spacer --><\/p>\n<\/div>\n<p><!-- \/wp:column --><\/p>\n<p><!-- wp:column {\"className\":\"ticss-f6fc7494\"} --><\/p>\n<div class=\"wp-block-column ticss-f6fc7494\"><!-- wp:image {\"id\":216,\"width\":80,\"height\":80,\"sizeSlug\":\"large\",\"className\":\"is-style-rounded\"} --><p><\/p>\n<p><\/p>\n<figure class=\"wp-block-image size-large is-resized is-style-rounded\"><img loading=\"lazy\" decoding=\"async\" class=\"wp-image-216\" src=\"http:\/\/anders.no\/wp3\/wp-content\/uploads\/2020\/12\/neve-web-design-studio-04.1.jpg\" alt=\"\" width=\"80\" height=\"80\"><\/figure>\n<p><!-- \/wp:image --><\/p>\n<p><!-- wp:paragraph {\"align\":\"left\",\"textColor\":\"neve-text-color\",\"fontSize\":\"normal\"} --><\/p>\n<p class=\"has-text-align-left has-neve-text-color-color has-text-color has-normal-font-size\">\u201cWhat is the point of being alive if you don\u2019t at least try to do something remarkable?\u201d<\/p>\n<p><!-- \/wp:paragraph --><\/p>\n<p><!-- wp:paragraph {\"textColor\":\"neve-text-color\"} --><\/p>\n<p class=\"has-neve-text-color-color has-text-color\">WILLIE BROWN<\/p>\n<p><!-- \/wp:paragraph --><\/p>\n<p><!-- wp:spacer {\"height\":20} --><\/p>\n<div class=\"wp-block-spacer\" style=\"height: 20px;\" aria-hidden=\"true\">&nbsp;<\/div>\n<p><!-- \/wp:spacer --><\/p>\n<\/div>\n<p><!-- \/wp:column --><\/p>\n<p><!-- wp:column {\"className\":\"ticss-a5b4df29\"} --><\/p>\n<div class=\"wp-block-column ticss-a5b4df29\"><!-- wp:image {\"id\":214,\"width\":80,\"height\":80,\"sizeSlug\":\"large\",\"className\":\"is-style-rounded\"} --><p><\/p>\n<p><\/p>\n<figure class=\"wp-block-image size-large is-resized is-style-rounded\"><img loading=\"lazy\" decoding=\"async\" class=\"wp-image-214\" src=\"http:\/\/anders.no\/wp3\/wp-content\/uploads\/2020\/12\/neve-web-design-studio-02.1.jpg\" alt=\"\" width=\"80\" height=\"80\"><\/figure>\n<p><!-- \/wp:image --><\/p>\n<p><!-- wp:paragraph {\"align\":\"left\",\"textColor\":\"neve-text-color\",\"fontSize\":\"normal\"} --><\/p>\n<p class=\"has-text-align-left has-neve-text-color-color has-text-color has-normal-font-size\">\u201cWhat is the point of being alive if you don\u2019t at least try to do something remarkable?\u201d<\/p>\n<p><!-- \/wp:paragraph --><\/p>\n<p><!-- wp:paragraph {\"textColor\":\"neve-text-color\"} --><\/p>\n<p class=\"has-neve-text-color-color has-text-color\">SEAN FISHER<\/p>\n<p><!-- \/wp:paragraph --><\/p>\n<p><!-- wp:spacer {\"height\":20} --><\/p>\n<div class=\"wp-block-spacer\" style=\"height: 20px;\" aria-hidden=\"true\">&nbsp;<\/div>\n<p><!-- \/wp:spacer --><\/p>\n<\/div>\n<p><!-- \/wp:column --><\/p>\n<\/div>\n<p><!-- \/wp:columns --><\/p>\n<p><!-- wp:spacer {\"height\":30} --><\/p>\n<div class=\"wp-block-spacer\" style=\"height: 30px;\" aria-hidden=\"true\">&nbsp;<\/div>\n<p><!-- \/wp:spacer --><\/p>\n<\/div>\n<\/div>\n<p><!-- \/wp:cover --><\/p>\n<p><!-- wp:cover {\"overlayColor\":\"nv-dark-bg\",\"minHeight\":300,\"align\":\"full\"} --><\/p>\n<div class=\"wp-block-cover alignfull has-nv-dark-bg-background-color has-background-dim\" style=\"min-height: 300px;\">\n<div class=\"wp-block-cover__inner-container\"><!-- wp:spacer {\"height\":140} --><p><\/p>\n<p><\/p>\n<div class=\"wp-block-spacer\" style=\"height: 140px;\" aria-hidden=\"true\">&nbsp;<\/div>\n<p><!-- \/wp:spacer --><\/p>\n<p><!-- wp:heading {\"align\":\"center\",\"textColor\":\"nv-text-dark-bg\"} --><\/p>\n<h2 class=\"has-text-align-center has-nv-text-dark-bg-color has-text-color\">Let\u2019s work together on your <br>next web project<\/h2>\n<p><!-- \/wp:heading --><\/p>\n<p><!-- wp:paragraph {\"align\":\"center\",\"fontSize\":\"medium\"} --><\/p>\n<p class=\"has-text-align-center has-medium-font-size\">Lorem ipsum dolor sit amet, consectetur adipiscing elit. Ut elit tellus, luctus <br>nec ullamcorper mattis, pulvinar dapibus leo.<\/p>\n<p><!-- \/wp:paragraph --><\/p>\n<p><!-- wp:buttons {\"align\":\"center\"} --><\/p>\n<div class=\"wp-block-buttons aligncenter\"><!-- wp:button {\"className\":\"is-style-primary\"} --><p><\/p>\n<p><\/p>\n<div class=\"wp-block-button is-style-primary\"><a class=\"wp-block-button__link\" href=\"https:\/\/demosites.io\/web-agency-gb\/web-agency-gb-contact-us\/\">LEARN MORE<\/a><\/div>\n<p><!-- \/wp:button --><\/p>\n<\/div>\n<p><!-- \/wp:buttons --><\/p>\n<p><!-- wp:spacer {\"height\":140} --><\/p>\n<div class=\"wp-block-spacer\" style=\"height: 140px;\" aria-hidden=\"true\">&nbsp;<\/div>\n<p><!-- \/wp:spacer --><\/p>\n<\/div>\n<\/div>\n<p><!-- \/wp:cover --><\/p>","protected":false},"excerpt":{"rendered":"<p>250kr pr fot B\u00e5ten m\u00e5 leveres p\u00e5 henger. &nbsp; Betingelser b\u00e5topplag Strand Gartneri AS lagrer fritidsb\u00e5ter i veksthuset. Veksthuset er en l\u00e5st bygning med brannvarsling. B\u00e5ten og tilhenger m\u00e5 likevel<a class=\"moretag\" href=\"https:\/\/anders.no\/wp3\/\"> &#8230;<\/a><\/p>\n","protected":false},"author":1,"featured_media":0,"parent":0,"menu_order":0,"comment_status":"closed","ping_status":"closed","template":"","meta":{"footnotes":"","advanced-sidebar-menu\/link-title":"Start","advanced-sidebar-menu\/exclude-page":false},"class_list":["post-5","page","type-page","status-publish","hentry"],"_links":{"self":[{"href":"https:\/\/anders.no\/wp3\/wp-json\/wp\/v2\/pages\/5","targetHints":{"allow":["GET"]}}],"collection":[{"href":"https:\/\/anders.no\/wp3\/wp-json\/wp\/v2\/pages"}],"about":[{"href":"https:\/\/anders.no\/wp3\/wp-json\/wp\/v2\/types\/page"}],"author":[{"embeddable":true,"href":"https:\/\/anders.no\/wp3\/wp-json\/wp\/v2\/users\/1"}],"replies":[{"embeddable":true,"href":"https:\/\/anders.no\/wp3\/wp-json\/wp\/v2\/comments?post=5"}],"version-history":[{"count":10,"href":"https:\/\/anders.no\/wp3\/wp-json\/wp\/v2\/pages\/5\/revisions"}],"predecessor-version":[{"id":1090,"href":"https:\/\/anders.no\/wp3\/wp-json\/wp\/v2\/pages\/5\/revisions\/1090"}],"wp:attachment":[{"href":"https:\/\/anders.no\/wp3\/wp-json\/wp\/v2\/media?parent=5"}],"curies":[{"name":"wp","href":"https:\/\/api.w.org\/{rel}","templated":true}]}}