{"id":445,"date":"2021-02-02T07:13:17","date_gmt":"2021-02-02T07:13:17","guid":{"rendered":"http:\/\/anders.no\/wp3\/?page_id=445"},"modified":"2024-10-13T06:07:26","modified_gmt":"2024-10-13T06:07:26","slug":"karin-og-hakon-bergan","status":"publish","type":"page","link":"https:\/\/anders.no\/wp3\/osteroya\/personer\/karin-og-hakon-bergan\/","title":{"rendered":"Karin og Hakon Bergan"},"content":{"rendered":"\n<p>Bodde p\u00e5 &laquo;Kjelleren&raquo; (n\u00e5v\u00e6rende \u00d8ster\u00f8yveien 244) en vinter (1967 ?) mens bestefar, Anders J. Sand, var p\u00e5 gamlehjemmet i Bjerggata. Hakon hadde spurt om han kunne bo der neste vinter ogs\u00e5 og fikk ja av far, Finn Sand. Men bestefar fant ut at han ikke lenger ville bo p\u00e5 gamlehjemmet &nbsp;i Bjerggata og kom hjem til Strand. Hakon og Karin fikk da bo i bryggerhuset p\u00e5 Bergan hos Naphaug. \u00c5rsaken til at de ikke ville bo hjemme hos seg selv, var selvf\u00f8lgelig at de begynte \u00e5 bli gamle og ikke klarte \u00e5 bo p\u00e5 Flautangen om vinteren. Hakon var f\u00f8dt 1884 og var 83 \u00e5r p\u00e5 dette tidspunktet. Karin var noe eldre, s\u00e5 vidt jeg husker.<\/p>\n\n\n\n<p>Hakon har fortalt at etter at faren hans bygde det &laquo;minste huset i bygden&raquo; m\u00e5tte faren m\u00e5ke hele veien opp til \u00d8ster\u00f8yveien om vinteren. Dette var vel 1 km langt.<\/p>\n\n\n\n<p>Denne vinteren ble jeg kjent med ekteparet Bergan p\u00e5 en helt annen m\u00e5te enn slik jeg hadde oppfattet dem f\u00f8r. Det var allment kjent at Hakon Bergan jaget folk n\u00e5r de n\u00e6rmet seg huset deres p\u00e5 Flautangen. Mange oppfattet han som sint og innesluttet. Vi hadde mange interessante samtaler og jeg husker en gang Hakon og jeg gikk kveldstur sammen. Vi gikk fra Strand og ut til huset til Omang hvor vi snudde. Da fortalte han hvorfor han var kommunist og medlem av NKP. Han var sv\u00e6rt redd for partipisken og \u00e5 miste muligheten for \u00e5 ha egne meninger. Derfor var han medlem av det minste partiet han kunne finne,- NKP.<\/p>\n\n\n\n<p>Denne vinteren de bodde p\u00e5 Strand var det varierende vinterforhold. Karin var veldig opptatt av \u00e5 holde seg i form og n\u00e5r det var glatt, gikk hun fram og tilbake mange ganger p\u00e5 en kortere strekning &nbsp;med mer akseptabelt f\u00f8re.<\/p>\n\n\n\n<figure class=\"wp-block-image size-large is-resized is-style-default\"><img loading=\"lazy\" decoding=\"async\" width=\"683\" height=\"1024\" src=\"http:\/\/anders.no\/wp3\/wp-content\/uploads\/2021\/02\/Karin-Bergan-683x1024.jpg\" alt=\"\" class=\"wp-image-684\" style=\"width:267px;height:399px\" srcset=\"https:\/\/anders.no\/wp3\/wp-content\/uploads\/2021\/02\/Karin-Bergan-683x1024.jpg 683w, https:\/\/anders.no\/wp3\/wp-content\/uploads\/2021\/02\/Karin-Bergan-200x300.jpg 200w, https:\/\/anders.no\/wp3\/wp-content\/uploads\/2021\/02\/Karin-Bergan-768x1152.jpg 768w, https:\/\/anders.no\/wp3\/wp-content\/uploads\/2021\/02\/Karin-Bergan-1024x1536.jpg 1024w, https:\/\/anders.no\/wp3\/wp-content\/uploads\/2021\/02\/Karin-Bergan-1365x2048.jpg 1365w, https:\/\/anders.no\/wp3\/wp-content\/uploads\/2021\/02\/Karin-Bergan-scaled.jpg 1707w\" sizes=\"auto, (max-width: 683px) 100vw, 683px\" \/><\/figure>\n\n\n\n<p>Karin hadde jobbet som mass\u00f8r p\u00e5 T\u00f8nsberg sykehus og hadde svake armer som f\u00f8lge av yrket sitt. Hun var en flott dame med egenskaper som ikke mange visste om. I 1974 s\u00f8rget Jorun Homleid for at Karins dikt ble skrevet og trykt i et lite hefte. Vi fikk dette i gave og vi ser at det er en gammel dame som skriver <\/p>\n\n\n\n<figure class=\"wp-block-image size-large is-resized\"><img loading=\"lazy\" decoding=\"async\" width=\"1024\" height=\"684\" src=\"https:\/\/anders.no\/wp3\/wp-content\/uploads\/2024\/01\/Karin-Bergan-Dedikasjon-1-1024x684.jpg\" alt=\"\" class=\"wp-image-1607\" style=\"width:364px;height:auto\" srcset=\"https:\/\/anders.no\/wp3\/wp-content\/uploads\/2024\/01\/Karin-Bergan-Dedikasjon-1-1024x684.jpg 1024w, https:\/\/anders.no\/wp3\/wp-content\/uploads\/2024\/01\/Karin-Bergan-Dedikasjon-1-300x200.jpg 300w, https:\/\/anders.no\/wp3\/wp-content\/uploads\/2024\/01\/Karin-Bergan-Dedikasjon-1-768x513.jpg 768w, https:\/\/anders.no\/wp3\/wp-content\/uploads\/2024\/01\/Karin-Bergan-Dedikasjon-1-1536x1026.jpg 1536w, https:\/\/anders.no\/wp3\/wp-content\/uploads\/2024\/01\/Karin-Bergan-Dedikasjon-1.jpg 1669w\" sizes=\"auto, (max-width: 1024px) 100vw, 1024px\" \/><\/figure>\n\n\n\n<figure class=\"wp-block-image size-large is-resized\"><img loading=\"lazy\" decoding=\"async\" width=\"1024\" height=\"717\" src=\"https:\/\/anders.no\/wp3\/wp-content\/uploads\/2024\/01\/Karin-Bergan-forord-1-1024x717.jpg\" alt=\"\" class=\"wp-image-1608\" style=\"width:648px;height:auto\" srcset=\"https:\/\/anders.no\/wp3\/wp-content\/uploads\/2024\/01\/Karin-Bergan-forord-1-1024x717.jpg 1024w, https:\/\/anders.no\/wp3\/wp-content\/uploads\/2024\/01\/Karin-Bergan-forord-1-300x210.jpg 300w, https:\/\/anders.no\/wp3\/wp-content\/uploads\/2024\/01\/Karin-Bergan-forord-1-768x538.jpg 768w, https:\/\/anders.no\/wp3\/wp-content\/uploads\/2024\/01\/Karin-Bergan-forord-1-1536x1075.jpg 1536w, https:\/\/anders.no\/wp3\/wp-content\/uploads\/2024\/01\/Karin-Bergan-forord-1-2048x1434.jpg 2048w\" sizes=\"auto, (max-width: 1024px) 100vw, 1024px\" \/><\/figure>\n\n\n\n<figure class=\"wp-block-image size-large\"><img loading=\"lazy\" decoding=\"async\" width=\"409\" height=\"1024\" src=\"https:\/\/anders.no\/wp3\/wp-content\/uploads\/2024\/01\/Karin-Bergan-dikt-Vintersyner-1-409x1024.jpg\" alt=\"\" class=\"wp-image-1609\" srcset=\"https:\/\/anders.no\/wp3\/wp-content\/uploads\/2024\/01\/Karin-Bergan-dikt-Vintersyner-1-409x1024.jpg 409w, https:\/\/anders.no\/wp3\/wp-content\/uploads\/2024\/01\/Karin-Bergan-dikt-Vintersyner-1-120x300.jpg 120w, https:\/\/anders.no\/wp3\/wp-content\/uploads\/2024\/01\/Karin-Bergan-dikt-Vintersyner-1-768x1925.jpg 768w, https:\/\/anders.no\/wp3\/wp-content\/uploads\/2024\/01\/Karin-Bergan-dikt-Vintersyner-1-613x1536.jpg 613w, https:\/\/anders.no\/wp3\/wp-content\/uploads\/2024\/01\/Karin-Bergan-dikt-Vintersyner-1-817x2048.jpg 817w\" sizes=\"auto, (max-width: 409px) 100vw, 409px\" \/><\/figure>\n\n\n\n<p>Hakon Kristiansen Bergan var s\u00f8nn av Johan Kristiansen og Hella Andrea; Johan leide i 1880 en del av St\u00f8kke &nbsp;&laquo;et stykke i Udmarken, Flautangen kaldet &raquo; . Leiekontrakten gjaldt for Johan og Hellas levetid og grunnleien var 8 kroner. I 1931 tinglyses det at Karin Bergan overtar leiekontrakten etter sin svigermor, Hella Kristiansen Bergan. &nbsp;Hella levde blant annet av fiske og gikk til byen med fisk. Faren Johan d\u00f8r i 1907. <\/p>\n\n\n\n<figure class=\"wp-block-image size-full\"><img loading=\"lazy\" decoding=\"async\" width=\"239\" height=\"226\" src=\"https:\/\/anders.no\/wp3\/wp-content\/uploads\/2022\/08\/Dodsannonsen-Johan-Chr-Bergan.jpg\" alt=\"\" class=\"wp-image-1514\"\/><\/figure>\n\n\n\n<p>De hadde en s\u00f8nn til, Alfred, som fikk en s\u00f8nn i 1897 med Hulda Amundsen, datter av losen i Tallakshavn. Alfred var eldst av de to og f\u00f8dt i 1875. Alfred giftet seg annen gang med Anne Mathilde (se under)<\/p>\n\n\n\n<hr class=\"wp-block-separator has-alpha-channel-opacity\"\/>\n\n\n\n<p class=\"has-small-font-size\" style=\"font-style:normal;font-weight:400\"><strong>Alfred <\/strong><strong>Kristiansen <\/strong><strong>(Christiansen)&nbsp;&nbsp;&nbsp;&nbsp;&nbsp;&nbsp;&nbsp;&nbsp;&nbsp;&nbsp;&nbsp;&nbsp; <\/strong>(Styrmann 1900, hvalskytter 1910)<\/p>\n\n\n\n<p class=\"has-small-font-size\" style=\"font-style:normal;font-weight:400\">9.3.1875 Bergan \u00d8de, Sandar -1.12.1919 Sandefjord&nbsp;&nbsp;&nbsp;&nbsp;&nbsp;&nbsp;&nbsp;&nbsp;&nbsp;&nbsp;&nbsp;&nbsp;&nbsp;&nbsp; gift 20.11.1904 i Sandefjord kirke med<\/p>\n\n\n\n<p class=\"has-small-font-size\" style=\"font-style:normal;font-weight:400\"><strong>Anne <\/strong><strong>Mathilde <\/strong><strong>Martinsen<\/strong><\/p>\n\n\n\n<p class=\"has-small-font-size\" style=\"font-style:normal;font-weight:400\">22.10.1872 Gr\u00f8nlien, Sandar &#8211;&nbsp; begr. 28.2.1951 Sandefjord<\/p>\n\n\n\n<p class=\"has-small-font-size\" style=\"font-style:normal;font-weight:400\">(datter av s\u00f8mand Marthin Andersen, Sandefjord og Anne Severine Hansdatter)<\/p>\n\n\n\n<p class=\"has-small-font-size\" style=\"font-style:normal;font-weight:400\">Hvalskytter Alfred Kristiansen kj\u00f8pte i 1914 Melsomg\u00e5rden (Storgt. 20). Ekteparet fikk ett&nbsp; barn, Henny (1907-1993) som i 1935 ble gift med maskinsjef Otto Birger Andersen. Hvalskytter Christiansen d\u00f8de i spanskesyken 1919, og enkefruen beholdt eiendommen til 1947 da hun overdro den til datteren Henny og svigers\u00f8nnen for kr. 40.000,-. (<em>Kilde: Arne H. Lund: Melsomg\u00e5rden &#8211; Storgata 20)<\/em><\/p>\n\n\n\n<hr class=\"wp-block-separator has-alpha-channel-opacity\"\/>\n\n\n\n<p><strong>&nbsp;<\/strong>Hakon og Karin var barnl\u00f8se.<\/p>\n\n\n\n<p>Som 16-\u00e5ring st\u00e5r Hakon oppf\u00f8rt som musiker med bosted Oslo i folketellingen1900.<\/p>\n\n\n\n<p>Her m\u00e5 han ha skaffet seg betydningsfulle venner. &nbsp;Han var venn med statsminister&nbsp;<a rel=\"noopener\" href=\"http:\/\/no.wikipedia.org\/wiki\/Gunnar_Knudsen\" target=\"_blank\">Gunnar Knudsen<\/a>&nbsp;og fra Eian s\u00e5 man at Knudsens b\u00e5t la til ved Flautangen og bes\u00f8kte Hakon p\u00e5 hjemstedet. I den senere tid har jeg forst\u00e5tt at Gunnar Knudsen heller var venn med faren til Hakon. Disse fikk ihvertfall et nytt &laquo;rent &raquo; flagg av Knudsen og Flautangen var et av de f\u00f8rste stedene som flagget med et rent norsk flagg etter unionsoppl\u00f8sningen i 1905.<\/p>\n\n\n\n<p>Musikerkarrieren tok slutt og s\u00e5 vidt vi vet hadde de lite annet enn fisket \u00e5 livn\u00e6re seg av.<\/p>\n\n\n<div class=\"wp-block-image is-resized is-style-default\">\n<figure class=\"aligncenter size-large\"><img loading=\"lazy\" decoding=\"async\" width=\"683\" height=\"1024\" src=\"http:\/\/anders.no\/wp3\/wp-content\/uploads\/2021\/02\/Hakon-Bergan-683x1024.jpg\" alt=\"\" class=\"wp-image-663\" style=\"width:228px;height:auto\" srcset=\"https:\/\/anders.no\/wp3\/wp-content\/uploads\/2021\/02\/Hakon-Bergan-683x1024.jpg 683w, https:\/\/anders.no\/wp3\/wp-content\/uploads\/2021\/02\/Hakon-Bergan-200x300.jpg 200w, https:\/\/anders.no\/wp3\/wp-content\/uploads\/2021\/02\/Hakon-Bergan-768x1152.jpg 768w, https:\/\/anders.no\/wp3\/wp-content\/uploads\/2021\/02\/Hakon-Bergan-1024x1536.jpg 1024w, https:\/\/anders.no\/wp3\/wp-content\/uploads\/2021\/02\/Hakon-Bergan-1365x2048.jpg 1365w, https:\/\/anders.no\/wp3\/wp-content\/uploads\/2021\/02\/Hakon-Bergan-scaled.jpg 1707w\" sizes=\"auto, (max-width: 683px) 100vw, 683px\" \/><figcaption class=\"wp-element-caption\">Et ikke veldig godt bilde av Hakon Bergan<\/figcaption><\/figure>\n<\/div>\n\n\n<p>Hakon og Karin bodde p\u00e5 Lunden aldershjem de siste \u00e5rene. Jeg bes\u00f8kte dem der og husker at jeg kj\u00f8rte bil. Da m\u00e5 de minst ha levd til 1972.<\/p>\n\n\n\n<p>skrevet av Anders S.<\/p>\n\n\n\n<p>Om Bergans musikerkarriere skrevet av G.E. ( Muligens Grant Engvik?) &nbsp; &nbsp; klikk p\u00e5 linken -&gt;&nbsp;<a rel=\"noreferrer noopener\" href=\"https:\/\/sandpaastrand.files.wordpress.com\/2013\/10\/hakon-bergan.pdf\" target=\"_blank\">Hakon<\/a><a href=\"https:\/\/sandpaastrand.files.wordpress.com\/2013\/10\/hakon-bergan.pdf\"> Bergan<\/a><\/p>\n\n\n\n<p>Huset til Karing og Hakon Bergan ble p\u00e5tent og brant ned til grunnen tidlig p\u00e5 70-tallet .<\/p>\n\n\n\n<figure class=\"wp-block-image size-full is-resized\"><img loading=\"lazy\" decoding=\"async\" width=\"262\" height=\"259\" src=\"https:\/\/anders.no\/wp3\/wp-content\/uploads\/2024\/10\/Huset-paa-Flautangen.jpg\" alt=\"\" class=\"wp-image-1760\" style=\"width:407px;height:auto\"\/><\/figure>\n\n\n\n<p><\/p>\n","protected":false},"excerpt":{"rendered":"<p>Bodde p\u00e5 &laquo;Kjelleren&raquo; (n\u00e5v\u00e6rende \u00d8ster\u00f8yveien 244) en vinter (1967 ?) mens bestefar, Anders J. Sand, var p\u00e5 gamlehjemmet i Bjerggata. Hakon hadde spurt om han kunne bo der neste vinter<a class=\"moretag\" href=\"https:\/\/anders.no\/wp3\/osteroya\/personer\/karin-og-hakon-bergan\/\"> &#8230;<\/a><\/p>\n","protected":false},"author":1,"featured_media":0,"parent":254,"menu_order":5,"comment_status":"closed","ping_status":"closed","template":"","meta":{"footnotes":"","advanced-sidebar-menu\/link-title":"","advanced-sidebar-menu\/exclude-page":false},"class_list":["post-445","page","type-page","status-publish","hentry"],"_links":{"self":[{"href":"https:\/\/anders.no\/wp3\/wp-json\/wp\/v2\/pages\/445","targetHints":{"allow":["GET"]}}],"collection":[{"href":"https:\/\/anders.no\/wp3\/wp-json\/wp\/v2\/pages"}],"about":[{"href":"https:\/\/anders.no\/wp3\/wp-json\/wp\/v2\/types\/page"}],"author":[{"embeddable":true,"href":"https:\/\/anders.no\/wp3\/wp-json\/wp\/v2\/users\/1"}],"replies":[{"embeddable":true,"href":"https:\/\/anders.no\/wp3\/wp-json\/wp\/v2\/comments?post=445"}],"version-history":[{"count":12,"href":"https:\/\/anders.no\/wp3\/wp-json\/wp\/v2\/pages\/445\/revisions"}],"predecessor-version":[{"id":1762,"href":"https:\/\/anders.no\/wp3\/wp-json\/wp\/v2\/pages\/445\/revisions\/1762"}],"up":[{"embeddable":true,"href":"https:\/\/anders.no\/wp3\/wp-json\/wp\/v2\/pages\/254"}],"wp:attachment":[{"href":"https:\/\/anders.no\/wp3\/wp-json\/wp\/v2\/media?parent=445"}],"curies":[{"name":"wp","href":"https:\/\/api.w.org\/{rel}","templated":true}]}}