{"id":443,"date":"2021-02-02T07:06:55","date_gmt":"2021-02-02T07:06:55","guid":{"rendered":"http:\/\/anders.no\/wp3\/?page_id=443"},"modified":"2022-02-07T17:07:16","modified_gmt":"2022-02-07T17:07:16","slug":"anders-sin-slekt","status":"publish","type":"page","link":"https:\/\/anders.no\/wp3\/slektshistorie\/anders-sin-slekt\/","title":{"rendered":"Anders sin slekt"},"content":{"rendered":"\n<p>Mor: Ellen Mari Christoffersen -&gt; Se her: <a href=\"http:\/\/anders.no\/wp3\/slektshistorie\/anders-sin-slekt\/christoffersen\/\" data-type=\"page\" data-id=\"795\">Christoffersen-slekt<\/a> <\/p>\n\n\n\n<p>Far: Finn <br><strong>Farfar : <\/strong>Anders J\u00f8rgen Andersen Sand f\u00f8dt i Brunlanes i 1884, gift med<a href=\"https:\/\/anders.no\/wp3\/slektshistorie\/anders-sin-slekt\/sanna-slekt\/\" data-type=\"page\" data-id=\"1339\"> Gunvor Sanna <\/a>fra Porsgrunn<br><strong>Oldefar: <\/strong>Ole Andersen f\u00f8dt p\u00e5 Langestrand i Larvik 1856 -gift med Lovise J\u00f8rgensen fra Stavern<br><strong>Tipp-oldefar <\/strong>: Anders Johansen \u00d8degaarden, f\u00f8dt p\u00e5 \u00d8deg\u00e5rden under Gurholt i Siljan , 1815. Gift med Elen Marie              Hansdatter fra \u00d8ienkastet i Eidanger<\/p>\n\n\n\n<p><\/p>\n\n\n\n<p>Anders Johansen var &laquo;smed p\u00e5 v\u00e6rket&raquo; og bodde i \u00d8vre Fritz\u00f8egate p\u00e5 Langestrand i Larvik da oldefar ble f\u00f8dt i 1856.  Oldefar og oldemor bodde ogs\u00e5 p\u00e5 Langestrand som nygifte. I en periode var Ole Andersen husmann hos Cappelen p\u00e5 Ulefoss og datteren Kirsten er f\u00f8dt i Solum i 1892 og Sigrid er oppf\u00f8rt som f\u00f8dt i Skien i 1894. Da Ragnhild blir f\u00f8dt i 1897, bor de p\u00e5 Bakkane (61\/8) i Brunlanes. Familien bodde p\u00e5 Bakkane i Brunlanes fram til 1900 da de kj\u00f8pte g\u00e5rden Sand ved Lang\u00f8 p\u00e5 grensen til Stokke. \u00abDet var mor som kj\u00f8pte\u00bb, fortalte tante Sigrid,\u00bbfar var ute\u00bb.<br>De flyttet nok ikke f\u00f8r sent p\u00e5 \u00e5ret fordi de st\u00e5r oppf\u00f8rt under Bakkane i folktellingen 1900. Anders J\u00f8rgen er da betjent hos Lensmann Irgens i Brunlanes.<\/p>\n\n\n\n<figure class=\"wp-block-image size-large is-style-default\"><img loading=\"lazy\" decoding=\"async\" width=\"1024\" height=\"416\" src=\"http:\/\/anders.no\/wp3\/wp-content\/uploads\/2022\/01\/AJS-forfedre-1-1024x416.png\" alt=\"\" class=\"wp-image-1029\" srcset=\"https:\/\/anders.no\/wp3\/wp-content\/uploads\/2022\/01\/AJS-forfedre-1-1024x416.png 1024w, https:\/\/anders.no\/wp3\/wp-content\/uploads\/2022\/01\/AJS-forfedre-1-300x122.png 300w, https:\/\/anders.no\/wp3\/wp-content\/uploads\/2022\/01\/AJS-forfedre-1-768x312.png 768w, https:\/\/anders.no\/wp3\/wp-content\/uploads\/2022\/01\/AJS-forfedre-1.png 1243w\" sizes=\"auto, (max-width: 1024px) 100vw, 1024px\" \/><\/figure>\n\n\n\n<p>Bildet over viser forfedrene til bestefar Anders J\u00f8rgen Sand<\/p>\n\n\n\n<p>Alle forfedrene kan du se her: <a rel=\"noreferrer noopener\" href=\"http:\/\/anders.no\/historie\/pedigree.php?personID=I1&amp;tree=tree1&amp;parentset=0&amp;display=compact&amp;generations=6\" target=\"_blank\">http:\/\/anders.no\/historie\/pedigree.php?personID=I1&amp;tree=tree1&amp;parentset=0&amp;display=compact&amp;generations=6<\/a><\/p>\n\n\n\n<p><br><strong>Tipp-oldefar2: &laquo;J\u00f8rn Hjelti&raquo;<\/strong> eller J\u00f8rgen Larsen Hjelten fra Brunlanes giftet seg med Kirsten Rolfsen , Sky i Brunlanes.  J\u00f8rn Hjelti d\u00f8r da datteren er 2 \u00e5r og hun vokser etter hvert opp hos sin eldre s\u00f8ster, Thea (Anne Dorthea). Thea var 14 \u00e5r eldre enn lilles\u00f8steren og gifter seg i 1863 med Peter Anton Pedersen fra Stavern. Da er oldemor Lovise 7 \u00e5r.  I folketellingen for 1865 st\u00e5r Lovise oppf\u00f8rt som Peter og Thea sitt pleiebarn.  Peter var vognmann som sin far, Peder J\u00f8rnsen. <br>Thea og Peter f\u00e5r 3 barn: Hjalmar, Petra og Lovise. Petra kommer etter hvert til Sandefjord som kone til  trelasthandler Anders Andersen. Han drev handel og sagbruk  i Gr\u00f8nli, p\u00e5 Brygga og i Museumsgata.<\/p>\n\n\n\n<p><br><strong>Tipp-tipp-oldefar <\/strong>: Johannes Olsen f\u00f8dt i Siljan 1782, gift med Thora Andersdatter<\/p>\n\n\n\n<p><\/p>\n\n\n\n<figure class=\"wp-block-image size-large is-resized is-style-default\"><img loading=\"lazy\" decoding=\"async\" src=\"http:\/\/anders.no\/wp3\/wp-content\/uploads\/2021\/02\/ANDERS-j-OG-OLE-A--670x1024.jpg\" alt=\"\" class=\"wp-image-755\" width=\"708\" height=\"1082\" srcset=\"https:\/\/anders.no\/wp3\/wp-content\/uploads\/2021\/02\/ANDERS-j-OG-OLE-A--670x1024.jpg 670w, https:\/\/anders.no\/wp3\/wp-content\/uploads\/2021\/02\/ANDERS-j-OG-OLE-A--196x300.jpg 196w, https:\/\/anders.no\/wp3\/wp-content\/uploads\/2021\/02\/ANDERS-j-OG-OLE-A--768x1174.jpg 768w, https:\/\/anders.no\/wp3\/wp-content\/uploads\/2021\/02\/ANDERS-j-OG-OLE-A--1005x1536.jpg 1005w, https:\/\/anders.no\/wp3\/wp-content\/uploads\/2021\/02\/ANDERS-j-OG-OLE-A--1340x2048.jpg 1340w, https:\/\/anders.no\/wp3\/wp-content\/uploads\/2021\/02\/ANDERS-j-OG-OLE-A--scaled.jpg 1675w\" sizes=\"auto, (max-width: 708px) 100vw, 708px\" \/><figcaption><em>Bestefar og oldefar i Amerika  ca 1902-1904?<\/em><\/figcaption><\/figure>\n\n\n\n<p>Anders J\u00f8rgen reiste til USA som 17-18-\u00e5ring for \u00e5 finne faren sin som hadde v\u00e6rt ute i mange \u00e5r, har vi h\u00f8rt . Ole Andersen var styrmann, p\u00e5 store private yachter som gikk langs \u00f8stkysten av Amerika. Disse b\u00e5tene hadde en besetning p\u00e5 30-40 mann. Bildet viser at bestefar Anders lykkes og bak p\u00e5 dette bildet har Finn notert at han p\u00e5 dette tidspunktet er 18-20 \u00e5r. Bestefar ville egentlig v\u00e6re i USA han ogs\u00e5 fordi han \u00f8nsket \u00e5 bli maskinist, og han hadde hyre p\u00e5 en dampb\u00e5t en periode og jobbet som fyrb\u00f8ter. P\u00e5 et eller et annet tidspunkt tok faren ham i land. S\u00f8steren Sigrid forteller om dette 70 \u00e5r senere;<em> &laquo;Og du \u00e5 sinna mor var , han skulle jo ut og ta fartstida si , han hadde jo l\u00f8st til \u00e5 bli maskinist som Hjalmar var, far til Henry, og s\u00e5 hadde far tatt\u2019n i land i Amerika, han vakke mer enn i det s\u00f8ttende eller attende \u00e5ret.. \u00c5 det derre elendige Amerika hvor all elendighet kommer fra, sa mor.<\/em>&laquo;<\/p>\n\n\n\n<p>Da de var i Amerika bodde de delvis hos en slektning, &laquo;onkel Nilsen&raquo; eller Nils Nilsen som tidligere hadde v\u00e6rt gift med oldefars s\u00f8ster, Lisa. Bestefar fikk jobb som vaktmester og vindusvasker i skyskrapere i New York. N\u00e5r han dro tilbake til Norge er usikkert, men han var ikke veldig lenge &laquo;derover&raquo; og kom trolig hjem f\u00f8r faren. Vi vet at han var i New York i 1905, ..det er notert bak p\u00e5 dette bildet. Da er han 21 \u00e5r.<\/p>\n\n\n\n<figure class=\"wp-block-image size-large is-resized is-style-default\"><img decoding=\"async\" src=\"http:\/\/anders.no\/wp3\/wp-content\/uploads\/2021\/02\/Anders-J-Sand-og-Anders-Wisting-i-Brooklyn-1905-edited-scaled.jpg\" alt=\"\" class=\"wp-image-773\" width=\"539\" height=\"971.7183098591549\" srcset=\"https:\/\/anders.no\/wp3\/wp-content\/uploads\/2021\/02\/Anders-J-Sand-og-Anders-Wisting-i-Brooklyn-1905-edited-scaled.jpg 1419w, https:\/\/anders.no\/wp3\/wp-content\/uploads\/2021\/02\/Anders-J-Sand-og-Anders-Wisting-i-Brooklyn-1905-edited-166x300.jpg 166w, https:\/\/anders.no\/wp3\/wp-content\/uploads\/2021\/02\/Anders-J-Sand-og-Anders-Wisting-i-Brooklyn-1905-edited-568x1024.jpg 568w, https:\/\/anders.no\/wp3\/wp-content\/uploads\/2021\/02\/Anders-J-Sand-og-Anders-Wisting-i-Brooklyn-1905-edited-768x1385.jpg 768w, https:\/\/anders.no\/wp3\/wp-content\/uploads\/2021\/02\/Anders-J-Sand-og-Anders-Wisting-i-Brooklyn-1905-edited-852x1536.jpg 852w, https:\/\/anders.no\/wp3\/wp-content\/uploads\/2021\/02\/Anders-J-Sand-og-Anders-Wisting-i-Brooklyn-1905-edited-1136x2048.jpg 1136w\" sizes=\"(max-width: 1419px) 100vw, 1419px\" \/><figcaption><em>Ander J\u00f8rgen (t.v.) og Anders Wisting i New York 1905<\/em><\/figcaption><\/figure>\n\n\n\n<p>Anders Wisting var for\u00f8vrig en yngre bror av Oscar Wisting som var med Amundsen p\u00e5 begge polferdene. Familiene var naboer p\u00e5 Langestrand i Larvik .<\/p>\n\n\n\n<p>Skipslister og ankomst til Ellis Island tyder p\u00e5 at oldefar har v\u00e6rt hjemme og besiktiget g\u00e5rden Sand og reiste tilbake til USA i mai 1902. <\/p>\n\n\n\n<p>Hva oldefar hadde av arbeid etter at han gikk iland, kjenner vi ikke til. -Oldefar kom hjem for godt i 1908.  <\/p>\n\n\n\n<p>I 1910 bor familien p\u00e5 Sand. To av barna har flyttet. Olaf er gift med Julie og er g\u00e5rdsbestyrer hos Abrahamsen Hunstok og bor der sammen med s\u00f8nnene Henry og Trygve. I 1911 kj\u00f8per han g\u00e5rden Hotvedt og kaller seg senere for Olaf Hotvedt. Ellen bor i Oslo og er tjenestepike hos en kvinnelig &laquo;confektionshandler&raquo;.<\/p>\n\n\n\n<figure class=\"wp-block-image size-large is-style-default\"><img loading=\"lazy\" decoding=\"async\" width=\"1024\" height=\"613\" src=\"http:\/\/anders.no\/wp3\/wp-content\/uploads\/2021\/02\/Sand-pasken-1912-fra-Canon-1024x613.jpg\" alt=\"\" class=\"wp-image-765\" srcset=\"https:\/\/anders.no\/wp3\/wp-content\/uploads\/2021\/02\/Sand-pasken-1912-fra-Canon-1024x613.jpg 1024w, https:\/\/anders.no\/wp3\/wp-content\/uploads\/2021\/02\/Sand-pasken-1912-fra-Canon-300x180.jpg 300w, https:\/\/anders.no\/wp3\/wp-content\/uploads\/2021\/02\/Sand-pasken-1912-fra-Canon-768x460.jpg 768w, https:\/\/anders.no\/wp3\/wp-content\/uploads\/2021\/02\/Sand-pasken-1912-fra-Canon-1536x920.jpg 1536w, https:\/\/anders.no\/wp3\/wp-content\/uploads\/2021\/02\/Sand-pasken-1912-fra-Canon-2048x1227.jpg 2048w\" sizes=\"auto, (max-width: 1024px) 100vw, 1024px\" \/><figcaption>Ellen, Gunvor Sanna???, Anders J , Sigrid og Kirsten p\u00e5 Sand p\u00e5sken 1912<\/figcaption><\/figure>\n\n\n\n<p>I 1916 overtar Anders J\u00f8rgen g\u00e5rden. Han har brutt med Mo-kirken og da han gifter seg med Gunvor Sanna i 1919, er vielsen borgerlig. <\/p>\n\n\n\n<figure class=\"wp-block-image size-large is-resized is-style-default\"><img loading=\"lazy\" decoding=\"async\" src=\"http:\/\/anders.no\/wp3\/wp-content\/uploads\/2021\/02\/Anders-Jorgen-og-Gunvor-borgerlig-ekteskapsinngaelse-1919.png\" alt=\"\" class=\"wp-image-783\" width=\"541\" height=\"216\" srcset=\"https:\/\/anders.no\/wp3\/wp-content\/uploads\/2021\/02\/Anders-Jorgen-og-Gunvor-borgerlig-ekteskapsinngaelse-1919.png 589w, https:\/\/anders.no\/wp3\/wp-content\/uploads\/2021\/02\/Anders-Jorgen-og-Gunvor-borgerlig-ekteskapsinngaelse-1919-300x120.png 300w\" sizes=\"auto, (max-width: 541px) 100vw, 541px\" \/><\/figure>\n\n\n\n<p>Vi ser her at han fremdeles kaller seg Anders Andersen. Ved Finns d\u00e5p i 1920 har han tatt navnet Sand. Hans eldste s\u00f8ster, Ellen er oppf\u00f8rt som Ellen Sann allerede i folktellingen for 1910.<\/p>\n\n\n\n<figure class=\"wp-block-image size-large is-resized is-style-default\"><img loading=\"lazy\" decoding=\"async\" src=\"http:\/\/anders.no\/wp3\/wp-content\/uploads\/2021\/02\/11006090_1027019237327531_807335087_n.jpg\" alt=\"\" class=\"wp-image-769\" width=\"249\" height=\"165\" srcset=\"https:\/\/anders.no\/wp3\/wp-content\/uploads\/2021\/02\/11006090_1027019237327531_807335087_n.jpg 960w, https:\/\/anders.no\/wp3\/wp-content\/uploads\/2021\/02\/11006090_1027019237327531_807335087_n-300x200.jpg 300w, https:\/\/anders.no\/wp3\/wp-content\/uploads\/2021\/02\/11006090_1027019237327531_807335087_n-768x512.jpg 768w\" sizes=\"auto, (max-width: 249px) 100vw, 249px\" \/><figcaption>Slik s\u00e5 g\u00e5rden ut rundt 2015. Alle bygninger ble revet og nye bygd i 2019<\/figcaption><\/figure>\n\n\n\n<p>I 1924 selger de Sand og kj\u00f8per g\u00e5rden Strand p\u00e5 \u00d8ster\u00f8ya. <\/p>\n\n\n\n<figure class=\"wp-block-gallery has-nested-images columns-default is-cropped wp-block-gallery-1 is-layout-flex wp-block-gallery-is-layout-flex\">\n<figure class=\"wp-block-image size-large\"><img loading=\"lazy\" decoding=\"async\" width=\"1024\" height=\"681\" data-id=\"1065\" src=\"http:\/\/anders.no\/wp3\/wp-content\/uploads\/2022\/01\/Slekt0126-1024x681.jpg\" alt=\"\" class=\"wp-image-1065\" srcset=\"https:\/\/anders.no\/wp3\/wp-content\/uploads\/2022\/01\/Slekt0126-1024x681.jpg 1024w, https:\/\/anders.no\/wp3\/wp-content\/uploads\/2022\/01\/Slekt0126-300x200.jpg 300w, https:\/\/anders.no\/wp3\/wp-content\/uploads\/2022\/01\/Slekt0126-768x511.jpg 768w, https:\/\/anders.no\/wp3\/wp-content\/uploads\/2022\/01\/Slekt0126-1536x1022.jpg 1536w, https:\/\/anders.no\/wp3\/wp-content\/uploads\/2022\/01\/Slekt0126-2048x1363.jpg 2048w\" sizes=\"auto, (max-width: 1024px) 100vw, 1024px\" \/><figcaption>Anders J. p\u00e5 g\u00e5rden Sand<\/figcaption><\/figure>\n\n\n\n<figure class=\"wp-block-image size-large\"><img loading=\"lazy\" decoding=\"async\" width=\"1024\" height=\"697\" data-id=\"1067\" src=\"http:\/\/anders.no\/wp3\/wp-content\/uploads\/2022\/01\/IMG_20201029_0002-1024x697.jpg\" alt=\"\" class=\"wp-image-1067\" srcset=\"https:\/\/anders.no\/wp3\/wp-content\/uploads\/2022\/01\/IMG_20201029_0002-1024x697.jpg 1024w, https:\/\/anders.no\/wp3\/wp-content\/uploads\/2022\/01\/IMG_20201029_0002-300x204.jpg 300w, https:\/\/anders.no\/wp3\/wp-content\/uploads\/2022\/01\/IMG_20201029_0002-768x523.jpg 768w, https:\/\/anders.no\/wp3\/wp-content\/uploads\/2022\/01\/IMG_20201029_0002.jpg 1040w\" sizes=\"auto, (max-width: 1024px) 100vw, 1024px\" \/><figcaption>Finn og Anders J p\u00e5 Strand<\/figcaption><\/figure>\n<\/figure>\n\n\n\n<div class=\"wp-block-image is-style-default\"><figure class=\"aligncenter size-large is-resized\"><img loading=\"lazy\" decoding=\"async\" src=\"http:\/\/anders.no\/wp3\/wp-content\/uploads\/2021\/02\/PhotoScan-664x1024.jpg\" alt=\"\" class=\"wp-image-780\" width=\"352\" height=\"543\" srcset=\"https:\/\/anders.no\/wp3\/wp-content\/uploads\/2021\/02\/PhotoScan-664x1024.jpg 664w, https:\/\/anders.no\/wp3\/wp-content\/uploads\/2021\/02\/PhotoScan-195x300.jpg 195w, https:\/\/anders.no\/wp3\/wp-content\/uploads\/2021\/02\/PhotoScan-768x1184.jpg 768w, https:\/\/anders.no\/wp3\/wp-content\/uploads\/2021\/02\/PhotoScan.jpg 859w\" sizes=\"auto, (max-width: 352px) 100vw, 352px\" \/><figcaption>Her er Anders J\u00f8rgen blitt bestefar og ca 73 \u00e5r. <\/figcaption><\/figure><\/div>\n\n\n\n<figure class=\"wp-block-image size-large is-resized is-style-default\"><img loading=\"lazy\" decoding=\"async\" src=\"http:\/\/anders.no\/wp3\/wp-content\/uploads\/2021\/02\/Sosknene-Sand-_-Ellen_Kirsten_Ragnhild_Olaf_Anders_-Sigrid-1024x764.jpg\" alt=\"\" class=\"wp-image-828\" width=\"375\" height=\"279\" srcset=\"https:\/\/anders.no\/wp3\/wp-content\/uploads\/2021\/02\/Sosknene-Sand-_-Ellen_Kirsten_Ragnhild_Olaf_Anders_-Sigrid-1024x764.jpg 1024w, https:\/\/anders.no\/wp3\/wp-content\/uploads\/2021\/02\/Sosknene-Sand-_-Ellen_Kirsten_Ragnhild_Olaf_Anders_-Sigrid-300x224.jpg 300w, https:\/\/anders.no\/wp3\/wp-content\/uploads\/2021\/02\/Sosknene-Sand-_-Ellen_Kirsten_Ragnhild_Olaf_Anders_-Sigrid-768x573.jpg 768w, https:\/\/anders.no\/wp3\/wp-content\/uploads\/2021\/02\/Sosknene-Sand-_-Ellen_Kirsten_Ragnhild_Olaf_Anders_-Sigrid-1536x1145.jpg 1536w, https:\/\/anders.no\/wp3\/wp-content\/uploads\/2021\/02\/Sosknene-Sand-_-Ellen_Kirsten_Ragnhild_Olaf_Anders_-Sigrid-2048x1527.jpg 2048w\" sizes=\"auto, (max-width: 375px) 100vw, 375px\" \/><figcaption>S\u00f8sknene Sand: Ellen 1886-1997, Kirsten1892- , Ragnhild 1897-ca 1986, Olaf 1879-1976. Anders J. 1884-1970, Sigrid 1894-1987<\/figcaption><\/figure>\n\n\n\n<p>Kun tre av s\u00f8sknene fikk barn . Kirsten giftet seg med  Salomon J\u00f8rgensen . Sigrid og Ragnhild levde sammen hele livet; fra 1927 i Amerika og etter 1966 til bodde de i f\u00f8rste etasje i Hystadveien hos sin eldste s\u00f8ster Ellen og hennes mann Olaf Andersen. De aller siste \u00e5rene bodde de i Schanches gate.<\/p>\n\n\n\n<figure class=\"wp-block-gallery has-nested-images columns-default is-cropped wp-block-gallery-2 is-layout-flex wp-block-gallery-is-layout-flex\">\n<figure class=\"wp-block-image size-large\"><img loading=\"lazy\" decoding=\"async\" width=\"315\" height=\"128\" data-id=\"834\" src=\"http:\/\/anders.no\/wp3\/wp-content\/uploads\/2021\/02\/Nedskalert-Salomon-Jorgensen_Anders-Sand_Kirsten_Gunvor-Sand_bildet-tatt-pa-Sand.jpg\" alt=\"\" class=\"wp-image-834\" srcset=\"https:\/\/anders.no\/wp3\/wp-content\/uploads\/2021\/02\/Nedskalert-Salomon-Jorgensen_Anders-Sand_Kirsten_Gunvor-Sand_bildet-tatt-pa-Sand.jpg 315w, https:\/\/anders.no\/wp3\/wp-content\/uploads\/2021\/02\/Nedskalert-Salomon-Jorgensen_Anders-Sand_Kirsten_Gunvor-Sand_bildet-tatt-pa-Sand-300x122.jpg 300w\" sizes=\"auto, (max-width: 315px) 100vw, 315px\" \/><figcaption>Salomon, Anders , Kirsten og Gunvor p\u00e5 Sand<\/figcaption><\/figure>\n\n\n\n<figure class=\"wp-block-image size-large\"><img loading=\"lazy\" decoding=\"async\" width=\"1024\" height=\"677\" data-id=\"835\" src=\"http:\/\/anders.no\/wp3\/wp-content\/uploads\/2021\/02\/Tante-Kirsten-i-bilen-utenfor-huset-pa-Strand_-Gamlefjell-i-bakgrunnen2-1024x677.jpg\" alt=\"\" class=\"wp-image-835\" srcset=\"https:\/\/anders.no\/wp3\/wp-content\/uploads\/2021\/02\/Tante-Kirsten-i-bilen-utenfor-huset-pa-Strand_-Gamlefjell-i-bakgrunnen2-1024x677.jpg 1024w, https:\/\/anders.no\/wp3\/wp-content\/uploads\/2021\/02\/Tante-Kirsten-i-bilen-utenfor-huset-pa-Strand_-Gamlefjell-i-bakgrunnen2-300x198.jpg 300w, https:\/\/anders.no\/wp3\/wp-content\/uploads\/2021\/02\/Tante-Kirsten-i-bilen-utenfor-huset-pa-Strand_-Gamlefjell-i-bakgrunnen2-768x508.jpg 768w, https:\/\/anders.no\/wp3\/wp-content\/uploads\/2021\/02\/Tante-Kirsten-i-bilen-utenfor-huset-pa-Strand_-Gamlefjell-i-bakgrunnen2-1536x1015.jpg 1536w, https:\/\/anders.no\/wp3\/wp-content\/uploads\/2021\/02\/Tante-Kirsten-i-bilen-utenfor-huset-pa-Strand_-Gamlefjell-i-bakgrunnen2-2048x1354.jpg 2048w\" sizes=\"auto, (max-width: 1024px) 100vw, 1024px\" \/><figcaption>Kirsten i bilen p\u00e5 Strand<\/figcaption><\/figure>\n\n\n\n<figure class=\"wp-block-image size-large\"><img loading=\"lazy\" decoding=\"async\" width=\"1024\" height=\"607\" data-id=\"836\" src=\"http:\/\/anders.no\/wp3\/wp-content\/uploads\/2021\/02\/Ellen-f.-Sand-Salomon-Jorgensen-Kirsten-f.Sand-2-1024x607.jpg\" alt=\"\" class=\"wp-image-836\" srcset=\"https:\/\/anders.no\/wp3\/wp-content\/uploads\/2021\/02\/Ellen-f.-Sand-Salomon-Jorgensen-Kirsten-f.Sand-2-1024x607.jpg 1024w, https:\/\/anders.no\/wp3\/wp-content\/uploads\/2021\/02\/Ellen-f.-Sand-Salomon-Jorgensen-Kirsten-f.Sand-2-300x178.jpg 300w, https:\/\/anders.no\/wp3\/wp-content\/uploads\/2021\/02\/Ellen-f.-Sand-Salomon-Jorgensen-Kirsten-f.Sand-2-768x455.jpg 768w, https:\/\/anders.no\/wp3\/wp-content\/uploads\/2021\/02\/Ellen-f.-Sand-Salomon-Jorgensen-Kirsten-f.Sand-2-1536x910.jpg 1536w, https:\/\/anders.no\/wp3\/wp-content\/uploads\/2021\/02\/Ellen-f.-Sand-Salomon-Jorgensen-Kirsten-f.Sand-2-2048x1214.jpg 2048w\" sizes=\"auto, (max-width: 1024px) 100vw, 1024px\" \/><figcaption>Kirsten og Salomon p\u00e5  tur med Ellen <\/figcaption><\/figure>\n\n\n\n<figure class=\"wp-block-image size-large\"><img loading=\"lazy\" decoding=\"async\" width=\"1024\" height=\"606\" data-id=\"837\" src=\"http:\/\/anders.no\/wp3\/wp-content\/uploads\/2021\/02\/Slekt0023-1024x606.jpg\" alt=\"\" class=\"wp-image-837\" srcset=\"https:\/\/anders.no\/wp3\/wp-content\/uploads\/2021\/02\/Slekt0023-1024x606.jpg 1024w, https:\/\/anders.no\/wp3\/wp-content\/uploads\/2021\/02\/Slekt0023-300x177.jpg 300w, https:\/\/anders.no\/wp3\/wp-content\/uploads\/2021\/02\/Slekt0023-768x454.jpg 768w, https:\/\/anders.no\/wp3\/wp-content\/uploads\/2021\/02\/Slekt0023-1536x909.jpg 1536w, https:\/\/anders.no\/wp3\/wp-content\/uploads\/2021\/02\/Slekt0023-2048x1212.jpg 2048w\" sizes=\"auto, (max-width: 1024px) 100vw, 1024px\" \/><\/figure>\n\n\n\n<figure class=\"wp-block-image size-large\"><img loading=\"lazy\" decoding=\"async\" width=\"1024\" height=\"805\" data-id=\"838\" src=\"http:\/\/anders.no\/wp3\/wp-content\/uploads\/2021\/02\/Salomon-Jorgense-i-midten-1024x805.jpg\" alt=\"\" class=\"wp-image-838\" srcset=\"https:\/\/anders.no\/wp3\/wp-content\/uploads\/2021\/02\/Salomon-Jorgense-i-midten-1024x805.jpg 1024w, https:\/\/anders.no\/wp3\/wp-content\/uploads\/2021\/02\/Salomon-Jorgense-i-midten-300x236.jpg 300w, https:\/\/anders.no\/wp3\/wp-content\/uploads\/2021\/02\/Salomon-Jorgense-i-midten-768x604.jpg 768w, https:\/\/anders.no\/wp3\/wp-content\/uploads\/2021\/02\/Salomon-Jorgense-i-midten-1536x1208.jpg 1536w, https:\/\/anders.no\/wp3\/wp-content\/uploads\/2021\/02\/Salomon-Jorgense-i-midten-2048x1611.jpg 2048w\" sizes=\"auto, (max-width: 1024px) 100vw, 1024px\" \/><figcaption>Salomon i midten med lys dress<\/figcaption><\/figure>\n\n\n\n<figure class=\"wp-block-image size-large\"><img loading=\"lazy\" decoding=\"async\" width=\"1024\" height=\"670\" data-id=\"839\" src=\"http:\/\/anders.no\/wp3\/wp-content\/uploads\/2021\/02\/Onkel-Salomon-pa-tur-1024x670.jpg\" alt=\"\" class=\"wp-image-839\" srcset=\"https:\/\/anders.no\/wp3\/wp-content\/uploads\/2021\/02\/Onkel-Salomon-pa-tur-1024x670.jpg 1024w, https:\/\/anders.no\/wp3\/wp-content\/uploads\/2021\/02\/Onkel-Salomon-pa-tur-300x196.jpg 300w, https:\/\/anders.no\/wp3\/wp-content\/uploads\/2021\/02\/Onkel-Salomon-pa-tur-768x503.jpg 768w, https:\/\/anders.no\/wp3\/wp-content\/uploads\/2021\/02\/Onkel-Salomon-pa-tur-1536x1005.jpg 1536w, https:\/\/anders.no\/wp3\/wp-content\/uploads\/2021\/02\/Onkel-Salomon-pa-tur-2048x1340.jpg 2048w\" sizes=\"auto, (max-width: 1024px) 100vw, 1024px\" \/><figcaption>Salomon t.v.<\/figcaption><\/figure>\n\n\n\n<figure class=\"wp-block-image size-large\"><img loading=\"lazy\" decoding=\"async\" width=\"644\" height=\"992\" data-id=\"1380\" src=\"https:\/\/anders.no\/wp3\/wp-content\/uploads\/2022\/01\/IMG_20201026_0003.jpg\" alt=\"\" class=\"wp-image-1380\" srcset=\"https:\/\/anders.no\/wp3\/wp-content\/uploads\/2022\/01\/IMG_20201026_0003.jpg 644w, https:\/\/anders.no\/wp3\/wp-content\/uploads\/2022\/01\/IMG_20201026_0003-195x300.jpg 195w\" sizes=\"auto, (max-width: 644px) 100vw, 644px\" \/><\/figure>\n<figcaption class=\"blocks-gallery-caption\">Onkel Salomon og tante Kirsten hadde bil og likte \u00e5 reise <\/figcaption><\/figure>\n","protected":false},"excerpt":{"rendered":"<p>Mor: Ellen Mari Christoffersen -&gt; Se her: Christoffersen-slekt Far: Finn Farfar : Anders J\u00f8rgen Andersen Sand f\u00f8dt i Brunlanes i 1884, gift med Gunvor Sanna fra PorsgrunnOldefar: Ole Andersen f\u00f8dt<a class=\"moretag\" href=\"https:\/\/anders.no\/wp3\/slektshistorie\/anders-sin-slekt\/\"> &#8230;<\/a><\/p>\n","protected":false},"author":1,"featured_media":0,"parent":401,"menu_order":0,"comment_status":"closed","ping_status":"closed","template":"","meta":{"footnotes":"","advanced-sidebar-menu\/link-title":"","advanced-sidebar-menu\/exclude-page":false},"class_list":["post-443","page","type-page","status-publish","hentry"],"_links":{"self":[{"href":"https:\/\/anders.no\/wp3\/wp-json\/wp\/v2\/pages\/443","targetHints":{"allow":["GET"]}}],"collection":[{"href":"https:\/\/anders.no\/wp3\/wp-json\/wp\/v2\/pages"}],"about":[{"href":"https:\/\/anders.no\/wp3\/wp-json\/wp\/v2\/types\/page"}],"author":[{"embeddable":true,"href":"https:\/\/anders.no\/wp3\/wp-json\/wp\/v2\/users\/1"}],"replies":[{"embeddable":true,"href":"https:\/\/anders.no\/wp3\/wp-json\/wp\/v2\/comments?post=443"}],"version-history":[{"count":35,"href":"https:\/\/anders.no\/wp3\/wp-json\/wp\/v2\/pages\/443\/revisions"}],"predecessor-version":[{"id":1401,"href":"https:\/\/anders.no\/wp3\/wp-json\/wp\/v2\/pages\/443\/revisions\/1401"}],"up":[{"embeddable":true,"href":"https:\/\/anders.no\/wp3\/wp-json\/wp\/v2\/pages\/401"}],"wp:attachment":[{"href":"https:\/\/anders.no\/wp3\/wp-json\/wp\/v2\/media?parent=443"}],"curies":[{"name":"wp","href":"https:\/\/api.w.org\/{rel}","templated":true}]}}