{"id":441,"date":"2021-02-02T07:06:11","date_gmt":"2021-02-02T07:06:11","guid":{"rendered":"http:\/\/anders.no\/wp3\/?page_id=441"},"modified":"2022-01-12T07:02:07","modified_gmt":"2022-01-12T07:02:07","slug":"kristins-slekt","status":"publish","type":"page","link":"https:\/\/anders.no\/wp3\/slektshistorie\/kristins-slekt\/","title":{"rendered":"Kristins slekt"},"content":{"rendered":"\n<p><a href=\"http:\/\/anders.no\/wp3\/slektshistorie\/\" target=\"_blank\" rel=\"noreferrer noopener\">Lind<\/a><\/p>\n\n\n\n<p>Gjekstad<\/p>\n\n\n\n<p>Ole Gjekstad (f. 1884) tok navnet Gjekstad etter f\u00f8destedet sitt. Han var s\u00f8nn av Johanne Katrine Erlandsdatter fra Sunde og Martinius Olsen p\u00e5 Gjekstad. Han giftet seg med Dora Moe og de ble foreldre til Odd som er Kristins far. Dora var f\u00f8dt Johansen, datter av Lauritz Johansen fra g\u00e5rden Mo (matr.nr. 41). P\u00e5 et eller annet tidspunkt flyttet de til byen og i 1900 bor de i Armgade eller det som n\u00e5 heter Landstadsgate. I 1900 er Lauritz 2. styrmann. I 1900 er ogs\u00e5 Ole Gjekstad bosatt i byen. Han er handelsbetjent p\u00e5 16 \u00e5r. Dora er 13 \u00e5r og bor sammen med far , mor Thrine og br\u00f8drene Johan, Lauritz, Torger og Arne. Alle benytter etternavnet Johansen. I 1910 har barna tatt etternavnet &laquo;Moe&raquo;, mens foreldrene fortsatt heter Johansen. Dette \u00e5ret er Dora benevnt kontordame (Bogholder og kasserer). Ole Gjekstad er fortsatt handelsbetjent og bor i Torvet 1 hos G. A. Raastad. 1912 gifter Dora og Ole seg. <\/p>\n\n\n\n<p>Dora Moe og Ole Gjekstad f\u00e5r 4 barn. Solveig (1913) , Odd (1915), Ingrid( 1918) og Gunnar (1922).  Solveig d\u00f8r tidlig ( ca 1941?) .  Odd gifter seg med Aase Lind og f\u00e5r barna Tone, Ole, Trine og Kristin. Ingrid gifter seg med Salve H\u00f8ivik (3 barn) og Gunnar gifter seg med Ellen. <\/p>\n\n\n\n<p>Mannen til Johanne Katrine, Martinius var sj\u00f8mann . Nedenfor er attesten p\u00e5 d\u00e5p og konfirmasjon hans fra 1861:<\/p>\n\n\n\n<figure class=\"wp-block-image size-large is-style-default\"><img loading=\"lazy\" decoding=\"async\" width=\"1024\" height=\"841\" src=\"http:\/\/anders.no\/wp3\/wp-content\/uploads\/2022\/01\/Dapsattest-for-Martinius-Olsen-Gjekstad_hist-1024x841.jpg\" alt=\"\" class=\"wp-image-1248\" srcset=\"https:\/\/anders.no\/wp3\/wp-content\/uploads\/2022\/01\/Dapsattest-for-Martinius-Olsen-Gjekstad_hist-1024x841.jpg 1024w, https:\/\/anders.no\/wp3\/wp-content\/uploads\/2022\/01\/Dapsattest-for-Martinius-Olsen-Gjekstad_hist-300x246.jpg 300w, https:\/\/anders.no\/wp3\/wp-content\/uploads\/2022\/01\/Dapsattest-for-Martinius-Olsen-Gjekstad_hist-768x631.jpg 768w, https:\/\/anders.no\/wp3\/wp-content\/uploads\/2022\/01\/Dapsattest-for-Martinius-Olsen-Gjekstad_hist-1536x1262.jpg 1536w, https:\/\/anders.no\/wp3\/wp-content\/uploads\/2022\/01\/Dapsattest-for-Martinius-Olsen-Gjekstad_hist-2048x1682.jpg 2048w\" sizes=\"auto, (max-width: 1024px) 100vw, 1024px\" \/><\/figure>\n\n\n\n<figure class=\"wp-block-image size-full is-style-default\"><img loading=\"lazy\" decoding=\"async\" width=\"1024\" height=\"768\" src=\"http:\/\/anders.no\/wp3\/wp-content\/uploads\/2022\/01\/Huset-til-Johanne-Katrine.jpg\" alt=\"\" class=\"wp-image-1249\" srcset=\"https:\/\/anders.no\/wp3\/wp-content\/uploads\/2022\/01\/Huset-til-Johanne-Katrine.jpg 1024w, https:\/\/anders.no\/wp3\/wp-content\/uploads\/2022\/01\/Huset-til-Johanne-Katrine-300x225.jpg 300w, https:\/\/anders.no\/wp3\/wp-content\/uploads\/2022\/01\/Huset-til-Johanne-Katrine-768x576.jpg 768w\" sizes=\"auto, (max-width: 1024px) 100vw, 1024px\" \/><figcaption>Johanne Katrine bodde her sammen med sin mann og to barn, Anne Katrine og Ole .<\/figcaption><\/figure>\n\n\n\n<p>Huset l\u00e5 omtrent der hvor Gjekstad Barnehage ligger i dag.<\/p>\n\n\n\n<p>Interessant er det \u00e5 se at i 1891, da Johanne Katrine var blitt enke, har hun flere losjerende i dette huset. Da bor <a href=\"http:\/\/anders.no\/wp3\/osteroya\/personer\/gustav-skomaker\/\" data-type=\"page\" data-id=\"564\">Gustav Skomaker<\/a> og broren hans her. I tillegg bor ogs\u00e5 Johanne Katrines bror, Martinius Erlandsen, og hans kone, Hella her p\u00e5 Gjekstad.<\/p>\n","protected":false},"excerpt":{"rendered":"<p>Lind Gjekstad Ole Gjekstad (f. 1884) tok navnet Gjekstad etter f\u00f8destedet sitt. Han var s\u00f8nn av Johanne Katrine Erlandsdatter fra Sunde og Martinius Olsen p\u00e5 Gjekstad. Han giftet seg med<a class=\"moretag\" href=\"https:\/\/anders.no\/wp3\/slektshistorie\/kristins-slekt\/\"> &#8230;<\/a><\/p>\n","protected":false},"author":1,"featured_media":0,"parent":401,"menu_order":1,"comment_status":"closed","ping_status":"closed","template":"","meta":{"footnotes":"","advanced-sidebar-menu\/link-title":"","advanced-sidebar-menu\/exclude-page":false},"class_list":["post-441","page","type-page","status-publish","hentry"],"_links":{"self":[{"href":"https:\/\/anders.no\/wp3\/wp-json\/wp\/v2\/pages\/441","targetHints":{"allow":["GET"]}}],"collection":[{"href":"https:\/\/anders.no\/wp3\/wp-json\/wp\/v2\/pages"}],"about":[{"href":"https:\/\/anders.no\/wp3\/wp-json\/wp\/v2\/types\/page"}],"author":[{"embeddable":true,"href":"https:\/\/anders.no\/wp3\/wp-json\/wp\/v2\/users\/1"}],"replies":[{"embeddable":true,"href":"https:\/\/anders.no\/wp3\/wp-json\/wp\/v2\/comments?post=441"}],"version-history":[{"count":5,"href":"https:\/\/anders.no\/wp3\/wp-json\/wp\/v2\/pages\/441\/revisions"}],"predecessor-version":[{"id":1275,"href":"https:\/\/anders.no\/wp3\/wp-json\/wp\/v2\/pages\/441\/revisions\/1275"}],"up":[{"embeddable":true,"href":"https:\/\/anders.no\/wp3\/wp-json\/wp\/v2\/pages\/401"}],"wp:attachment":[{"href":"https:\/\/anders.no\/wp3\/wp-json\/wp\/v2\/media?parent=441"}],"curies":[{"name":"wp","href":"https:\/\/api.w.org\/{rel}","templated":true}]}}