{"id":1082,"date":"2022-01-11T08:51:21","date_gmt":"2022-01-11T08:51:21","guid":{"rendered":"http:\/\/anders.no\/wp3\/?page_id=1082"},"modified":"2022-01-11T08:51:22","modified_gmt":"2022-01-11T08:51:22","slug":"hagalokka","status":"publish","type":"page","link":"https:\/\/anders.no\/wp3\/hagalokka\/","title":{"rendered":"Hagal\u00f8kka"},"content":{"rendered":"\n<p>Sj\u00f8lund<\/p>\n\n\n\n<p>Nyg\u00e5rd<\/p>\n\n\n\n<p>\u00d8stby<\/p>\n\n\n\n<p>Karlsen <\/p>\n\n\n\n<p><\/p>\n\n\n\n<p><\/p>\n","protected":false},"excerpt":{"rendered":"<p>Sj\u00f8lund Nyg\u00e5rd \u00d8stby Karlsen<\/p>\n","protected":false},"author":1,"featured_media":0,"parent":0,"menu_order":0,"comment_status":"closed","ping_status":"closed","template":"","meta":{"footnotes":"","advanced-sidebar-menu\/link-title":"","advanced-sidebar-menu\/exclude-page":false},"class_list":["post-1082","page","type-page","status-publish","hentry"],"_links":{"self":[{"href":"https:\/\/anders.no\/wp3\/wp-json\/wp\/v2\/pages\/1082","targetHints":{"allow":["GET"]}}],"collection":[{"href":"https:\/\/anders.no\/wp3\/wp-json\/wp\/v2\/pages"}],"about":[{"href":"https:\/\/anders.no\/wp3\/wp-json\/wp\/v2\/types\/page"}],"author":[{"embeddable":true,"href":"https:\/\/anders.no\/wp3\/wp-json\/wp\/v2\/users\/1"}],"replies":[{"embeddable":true,"href":"https:\/\/anders.no\/wp3\/wp-json\/wp\/v2\/comments?post=1082"}],"version-history":[{"count":1,"href":"https:\/\/anders.no\/wp3\/wp-json\/wp\/v2\/pages\/1082\/revisions"}],"predecessor-version":[{"id":1084,"href":"https:\/\/anders.no\/wp3\/wp-json\/wp\/v2\/pages\/1082\/revisions\/1084"}],"wp:attachment":[{"href":"https:\/\/anders.no\/wp3\/wp-json\/wp\/v2\/media?parent=1082"}],"curies":[{"name":"wp","href":"https:\/\/api.w.org\/{rel}","templated":true}]}}